151.48.176.78 - - [09/Sep/2020:15:32:19 +0200] "GET /js/components/img/upload/vilcarinox.it/14.jpg HTTP/1.1" 404 243 "http://www.vilcarinox.it/prodotti-civili.asp?tipo=canne%20fumarie%20collettive" "Mozilla/5.0 (Windows NT 10.0; Win64; x64; rv:80.0) Gecko/20100101 Firefox/80.0"
151.48.176.78 - - [09/Sep/2020:15:32:19 +0200] "GET /js/components/img/upload/vilcarinox.it/13.jpg HTTP/1.1" 404 243 "http://www.vilcarinox.it/prodotti-civili.asp?tipo=canne%20fumarie%20collettive" "Mozilla/5.0 (Windows NT 10.0; Win64; x64; rv:80.0) Gecko/20100101 Firefox/80.0"
151.48.176.78 - - [09/Sep/2020:15:32:19 +0200] "GET /js/components/img/upload/vilcarinox.it/img_0012%20(fileminimizer).jpg HTTP/1.1" 404 265 "http://www.vilcarinox.it/prodotti-civili.asp?tipo=canne%20fumarie%20collettive" "Mozilla/5.0 (Windows NT 10.0; Win64; x64; rv:80.0) Gecko/20100101 Firefox/80.0"
151.48.176.78 - - [09/Sep/2020:15:32:19 +0200] "GET /js/components/img/upload/vilcarinox.it/img_0014%20(fileminimizer).jpg HTTP/1.1" 404 265 "http://www.vilcarinox.it/prodotti-civili.asp?tipo=canne%20fumarie%20collettive" "Mozilla/5.0 (Windows NT 10.0; Win64; x64; rv:80.0) Gecko/20100101 Firefox/80.0"
151.48.176.78 - - [09/Sep/2020:15:32:19 +0200] "GET /js/components/img/upload/vilcarinox.it/img_0016%20(fileminimizer).jpg HTTP/1.1" 404 265 "http://www.vilcarinox.it/prodotti-civili.asp?tipo=canne%20fumarie%20collettive" "Mozilla/5.0 (Windows NT 10.0; Win64; x64; rv:80.0) Gecko/20100101 Firefox/80.0"
95.163.255.28 - - [09/Sep/2020:16:57:29 +0200] "GET /robots.txt HTTP/1.0" 404 208 "-" "Mozilla/5.0 (compatible; Linux x86_64; Mail.RU_Bot/2.0; +http://go.mail.ru/help/robots)"
95.163.255.29 - - [09/Sep/2020:16:57:34 +0200] "GET /js/components/img/upload/ecrecer/1%20(83).jpg HTTP/1.1" 404 241 "-" "Mozilla/5.0 (compatible; Linux x86_64; Mail.RU_Bot/2.0; +http://go.mail.ru/help/robots)"
54.36.148.121 - - [09/Sep/2020:18:32:59 +0200] "GET / HTTP/1.1" 200 5069 "-" "Mozilla/5.0 (compatible; AhrefsBot/7.0; +http://ahrefs.com/robot/)"
95.163.255.28 - - [09/Sep/2020:18:45:46 +0200] "GET /robots.txt HTTP/1.0" 404 208 "-" "Mozilla/5.0 (compatible; Linux x86_64; Mail.RU_Bot/2.0; +http://go.mail.ru/help/robots)"
95.163.255.24 - - [09/Sep/2020:18:45:53 +0200] "GET /js/components/img/upload/vilcarinox.it/1.jpg HTTP/1.1" 404 242 "-" "Mozilla/5.0 (compatible; Linux x86_64; Mail.RU_Bot/2.0; +http://go.mail.ru/help/robots)"
95.163.255.26 - - [09/Sep/2020:20:06:01 +0200] "GET /robots.txt HTTP/1.0" 404 208 "-" "Mozilla/5.0 (compatible; Linux x86_64; Mail.RU_Bot/2.0; +http://go.mail.ru/help/robots)"
95.163.255.28 - - [09/Sep/2020:20:06:04 +0200] "GET /js/components/img/upload/ecrecer/1%20(245).jpg HTTP/1.1" 404 242 "-" "Mozilla/5.0 (compatible; Linux x86_64; Mail.RU_Bot/2.0; +http://go.mail.ru/help/robots)"
95.163.255.22 - - [09/Sep/2020:20:06:06 +0200] "GET /js/components/img/upload/ecrecer/1%20(98).jpg HTTP/1.1" 404 241 "-" "Mozilla/5.0 (compatible; Linux x86_64; Mail.RU_Bot/2.0; +http://go.mail.ru/help/robots)"
95.163.255.29 - - [09/Sep/2020:20:12:48 +0200] "GET /js/components/img/upload/vilcarinox.it/10.jpg HTTP/1.1" 404 243 "-" "Mozilla/5.0 (compatible; Linux x86_64; Mail.RU_Bot/2.0; +http://go.mail.ru/help/robots)"
106.53.82.40 - - [09/Sep/2020:20:12:51 +0200] "GET / HTTP/1.1" 200 5069 "-" "Go-http-client/1.1"
95.163.255.28 - - [09/Sep/2020:20:12:51 +0200] "GET /js/components/img/upload/ecrecer/img_0027%20(fileminimizer).jpg HTTP/1.1" 404 259 "-" "Mozilla/5.0 (compatible; Linux x86_64; Mail.RU_Bot/2.0; +http://go.mail.ru/help/robots)"
74.125.208.30 - - [09/Sep/2020:21:25:03 +0200] "GET /js/components/img/upload/ecrecer/quotesbocco03.jpg HTTP/1.1" 404 248 "-" "Mozilla/5.0 (Windows NT 5.1; rv:11.0) Gecko Firefox/11.0 (via ggpht.com GoogleImageProxy)"
93.146.79.77 - - [09/Sep/2020:21:25:05 +0200] "GET /js/components/img/upload/ecrecer/immagine1.jpg HTTP/1.1" 404 244 "http://www.vilcarinox.it/" "Mozilla/5.0 (Windows NT 10.0; Win64; x64) AppleWebKit/537.36 (KHTML, like Gecko) Chrome/85.0.4183.83 Safari/537.36"
93.146.79.77 - - [09/Sep/2020:21:25:05 +0200] "GET /js/components/img/upload/ecrecer/immagine2.jpg HTTP/1.1" 404 244 "http://www.vilcarinox.it/" "Mozilla/5.0 (Windows NT 10.0; Win64; x64) AppleWebKit/537.36 (KHTML, like Gecko) Chrome/85.0.4183.83 Safari/537.36"
93.146.79.77 - - [09/Sep/2020:21:25:05 +0200] "GET /js/components/img/upload/ecrecer/quotesbocco02.jpg HTTP/1.1" 404 248 "http://www.vilcarinox.it/" "Mozilla/5.0 (Windows NT 10.0; Win64; x64) AppleWebKit/537.36 (KHTML, like Gecko) Chrome/85.0.4183.83 Safari/537.36"
93.146.79.77 - - [09/Sep/2020:21:25:05 +0200] "GET /js/components/img/upload/ecrecer/quotesbocco03.jpg HTTP/1.1" 404 248 "http://www.vilcarinox.it/" "Mozilla/5.0 (Windows NT 10.0; Win64; x64) AppleWebKit/537.36 (KHTML, like Gecko) Chrome/85.0.4183.83 Safari/537.36"
93.146.79.77 - - [09/Sep/2020:21:25:05 +0200] "GET /js/components/img/upload/ecrecer/quotesbocco04.jpg HTTP/1.1" 404 248 "http://www.vilcarinox.it/" "Mozilla/5.0 (Windows NT 10.0; Win64; x64) AppleWebKit/537.36 (KHTML, like Gecko) Chrome/85.0.4183.83 Safari/537.36"
93.146.79.77 - - [09/Sep/2020:21:25:05 +0200] "GET /js/components/img/upload/ecrecer/quotesbocco01.jpg HTTP/1.1" 404 248 "http://www.vilcarinox.it/" "Mozilla/5.0 (Windows NT 10.0; Win64; x64) AppleWebKit/537.36 (KHTML, like Gecko) Chrome/85.0.4183.83 Safari/537.36"
93.146.79.77 - - [09/Sep/2020:21:25:05 +0200] "GET /js/components/img/upload/ecrecer/comignolilegge615.gif HTTP/1.1" 404 252 "http://www.vilcarinox.it/" "Mozilla/5.0 (Windows NT 10.0; Win64; x64) AppleWebKit/537.36 (KHTML, like Gecko) Chrome/85.0.4183.83 Safari/537.36"
95.163.255.28 - - [09/Sep/2020:21:39:28 +0200] "GET /robots.txt HTTP/1.0" 404 208 "-" "Mozilla/5.0 (compatible; Linux x86_64; Mail.RU_Bot/2.0; +http://go.mail.ru/help/robots)"
95.163.255.26 - - [09/Sep/2020:21:39:31 +0200] "GET /js/components/img/upload/vilcarinox.it/1%20(231).jpg HTTP/1.1" 404 248 "-" "Mozilla/5.0 (compatible; Linux x86_64; Mail.RU_Bot/2.0; +http://go.mail.ru/help/robots)"
207.46.13.91 - - [09/Sep/2020:22:43:01 +0200] "GET /js/components/img/upload/vilcarinox.it/20080919164443-torrini.jpg HTTP/1.1" 404 263 "-" "Mozilla/5.0 (compatible; bingbot/2.0; +http://www.bing.com/bingbot.htm)"
66.249.93.26 - - [09/Sep/2020:23:06:35 +0200] "GET /js/components/img/upload/ecrecer/quotesbocco02.jpg HTTP/1.1" 404 248 "-" "Mozilla/5.0 (Windows NT 5.1; rv:11.0) Gecko Firefox/11.0 (via ggpht.com GoogleImageProxy)"
66.249.64.214 - - [09/Sep/2020:23:09:45 +0200] "GET /robots.txt HTTP/1.1" 404 208 "-" "Mozilla/5.0 (compatible; Googlebot/2.1; +http://www.google.com/bot.html)"
66.249.64.216 - - [09/Sep/2020:23:09:45 +0200] "GET / HTTP/1.1" 200 5069 "-" "Mozilla/5.0 (Linux; Android 6.0.1; Nexus 5X Build/MMB29P) AppleWebKit/537.36 (KHTML, like Gecko) Chrome/85.0.4183.97 Mobile Safari/537.36 (compatible; Googlebot/2.1; +http://www.google.com/bot.html)"
95.163.255.23 - - [10/Sep/2020:00:47:21 +0200] "GET /robots.txt HTTP/1.0" 404 208 "-" "Mozilla/5.0 (compatible; Linux x86_64; Mail.RU_Bot/2.0; +http://go.mail.ru/help/robots)"
95.163.255.29 - - [10/Sep/2020:00:47:26 +0200] "GET /js/components/img/upload/ecrecer/1%20(217).jpg HTTP/1.1" 404 242 "-" "Mozilla/5.0 (compatible; Linux x86_64; Mail.RU_Bot/2.0; +http://go.mail.ru/help/robots)"
95.163.255.28 - - [10/Sep/2020:00:47:30 +0200] "GET /js/components/img/upload/ecrecer/1%20(2).jpg HTTP/1.1" 404 240 "-" "Mozilla/5.0 (compatible; Linux x86_64; Mail.RU_Bot/2.0; +http://go.mail.ru/help/robots)"
95.163.255.25 - - [10/Sep/2020:00:47:33 +0200] "GET /js/components/img/upload/ecrecer/08%20(1).jpg HTTP/1.1" 404 241 "-" "Mozilla/5.0 (compatible; Linux x86_64; Mail.RU_Bot/2.0; +http://go.mail.ru/help/robots)"
95.163.255.27 - - [10/Sep/2020:00:55:46 +0200] "GET /js/components/img/upload/vilcarinox.it/6.jpg HTTP/1.1" 404 242 "-" "Mozilla/5.0 (compatible; Linux x86_64; Mail.RU_Bot/2.0; +http://go.mail.ru/help/robots)"
66.249.64.216 - - [10/Sep/2020:01:08:56 +0200] "GET /favicon.ico HTTP/1.1" 404 209 "-" "Googlebot-Image/1.0"
66.249.64.218 - - [10/Sep/2020:01:11:45 +0200] "GET / HTTP/1.1" 200 5069 "-" "Mozilla/5.0 (compatible; Googlebot/2.1; +http://www.google.com/bot.html)"
207.46.13.218 - - [10/Sep/2020:02:20:05 +0200] "GET /robots.txt HTTP/1.1" 404 208 "-" "Mozilla/5.0 (compatible; bingbot/2.0; +http://www.bing.com/bingbot.htm)"
95.163.255.29 - - [10/Sep/2020:02:20:58 +0200] "GET /robots.txt HTTP/1.0" 404 208 "-" "Mozilla/5.0 (compatible; Linux x86_64; Mail.RU_Bot/2.0; +http://go.mail.ru/help/robots)"
95.163.255.24 - - [10/Sep/2020:02:21:02 +0200] "GET /js/components/img/upload/vilcarinox.it/4.jpg HTTP/1.1" 404 242 "-" "Mozilla/5.0 (compatible; Linux x86_64; Mail.RU_Bot/2.0; +http://go.mail.ru/help/robots)"
95.163.255.29 - - [10/Sep/2020:02:21:05 +0200] "GET /js/components/img/upload/vilcarinox.it/1%20(147).jpg HTTP/1.1" 404 248 "-" "Mozilla/5.0 (compatible; Linux x86_64; Mail.RU_Bot/2.0; +http://go.mail.ru/help/robots)"
95.163.255.22 - - [10/Sep/2020:03:55:23 +0200] "GET /robots.txt HTTP/1.0" 404 208 "-" "Mozilla/5.0 (compatible; Linux x86_64; Mail.RU_Bot/2.0; +http://go.mail.ru/help/robots)"
95.163.255.24 - - [10/Sep/2020:03:55:25 +0200] "GET /js/components/img/upload/vilcarinox.it/8.jpg HTTP/1.1" 404 242 "-" "Mozilla/5.0 (compatible; Linux x86_64; Mail.RU_Bot/2.0; +http://go.mail.ru/help/robots)"
95.163.255.28 - - [10/Sep/2020:03:55:28 +0200] "GET /js/components/img/upload/ecrecer/1%20(19).jpg HTTP/1.1" 404 241 "-" "Mozilla/5.0 (compatible; Linux x86_64; Mail.RU_Bot/2.0; +http://go.mail.ru/help/robots)"
95.163.255.25 - - [10/Sep/2020:04:03:50 +0200] "GET /js/components/img/upload/ecrecer/logo_def_1.png HTTP/1.1" 404 245 "-" "Mozilla/5.0 (compatible; Linux x86_64; Mail.RU_Bot/2.0; +http://go.mail.ru/help/robots)"
95.163.255.29 - - [10/Sep/2020:04:03:56 +0200] "GET /robots.txt HTTP/1.0" 404 208 "-" "Mozilla/5.0 (compatible; Linux x86_64; Mail.RU_Bot/2.0; +http://go.mail.ru/help/robots)"
95.163.255.24 - - [10/Sep/2020:04:04:00 +0200] "GET /iis-8.png HTTP/1.1" 404 207 "-" "Mozilla/5.0 (compatible; Linux x86_64; Mail.RU_Bot/2.0; +http://go.mail.ru/help/robots)"
95.163.255.27 - - [10/Sep/2020:05:30:05 +0200] "GET /robots.txt HTTP/1.0" 404 208 "-" "Mozilla/5.0 (compatible; Linux x86_64; Mail.RU_Bot/2.0; +http://go.mail.ru/help/robots)"
95.163.255.27 - - [10/Sep/2020:05:30:08 +0200] "GET /js/components/img/upload/vilcarinox.it/1%20(317).jpg HTTP/1.1" 404 248 "-" "Mozilla/5.0 (compatible; Linux x86_64; Mail.RU_Bot/2.0; +http://go.mail.ru/help/robots)"
95.163.255.28 - - [10/Sep/2020:05:30:11 +0200] "GET /js/components/img/upload/vilcarinox.it/11.jpg HTTP/1.1" 404 243 "-" "Mozilla/5.0 (compatible; Linux x86_64; Mail.RU_Bot/2.0; +http://go.mail.ru/help/robots)"
95.163.255.29 - - [10/Sep/2020:05:38:24 +0200] "GET /js/components/img/upload/ecrecer/img_0007%20(fileminimizer).jpg HTTP/1.1" 404 259 "-" "Mozilla/5.0 (compatible; Linux x86_64; Mail.RU_Bot/2.0; +http://go.mail.ru/help/robots)"
66.249.64.214 - - [10/Sep/2020:06:37:03 +0200] "GET / HTTP/1.1" 200 5069 "-" "Mozilla/5.0 (compatible; Googlebot/2.1; +http://www.google.com/bot.html)"
95.163.255.24 - - [10/Sep/2020:07:17:39 +0200] "GET /robots.txt HTTP/1.0" 404 208 "-" "Mozilla/5.0 (compatible; Linux x86_64; Mail.RU_Bot/2.0; +http://go.mail.ru/help/robots)"
95.163.255.27 - - [10/Sep/2020:07:17:46 +0200] "GET /js/components/img/upload/vilcarinox.it/5.jpg HTTP/1.1" 404 242 "-" "Mozilla/5.0 (compatible; Linux x86_64; Mail.RU_Bot/2.0; +http://go.mail.ru/help/robots)"
52.37.22.237 - - [10/Sep/2020:07:42:44 +0200] "GET / HTTP/1.1" 200 5069 "-" "Mozilla/5.0 (Windows NT 6.1; WOW64; rv:48.0) Gecko/20100101 Firefox/48.0"
3.15.48.229 - - [10/Sep/2020:08:22:03 +0200] "GET / HTTP/1.1" 200 5069 "-" "Mozilla/5.0 (X11; Linux x86_64; rv:56.0) Gecko/20100101 Firefox/56.0"
95.163.255.25 - - [10/Sep/2020:08:38:07 +0200] "GET /robots.txt HTTP/1.0" 404 208 "-" "Mozilla/5.0 (compatible; Linux x86_64; Mail.RU_Bot/2.0; +http://go.mail.ru/help/robots)"
95.163.255.23 - - [10/Sep/2020:08:38:09 +0200] "GET /js/components/img/upload/ecrecer/1%20(96).jpg HTTP/1.1" 404 241 "-" "Mozilla/5.0 (compatible; Linux x86_64; Mail.RU_Bot/2.0; +http://go.mail.ru/help/robots)"
95.163.255.23 - - [10/Sep/2020:08:45:22 +0200] "GET /robots.txt HTTP/1.0" 404 208 "-" "Mozilla/5.0 (compatible; Linux x86_64; Mail.RU_Bot/2.0; +http://go.mail.ru/help/robots)"
95.163.255.22 - - [10/Sep/2020:08:45:33 +0200] "GET /ws8-brand.png HTTP/1.1" 404 211 "-" "Mozilla/5.0 (compatible; Linux x86_64; Mail.RU_Bot/2.0; +http://go.mail.ru/help/robots)"
3.15.48.229 - - [10/Sep/2020:08:56:29 +0200] "GET / HTTP/1.1" 200 5069 "-" "Mozilla/5.0 (Windows NT 5.1) AppleWebKit/537.36 (KHTML, like Gecko) Chrome/37.0.2062.124 Safari/537.36"
54.36.149.72 - - [10/Sep/2020:09:02:02 +0200] "GET /robots.txt HTTP/1.1" 404 208 "-" "Mozilla/5.0 (compatible; AhrefsBot/6.1; +http://ahrefs.com/robot/)"
54.36.148.14 - - [10/Sep/2020:09:02:03 +0200] "GET / HTTP/1.1" 200 5069 "-" "Mozilla/5.0 (compatible; AhrefsBot/7.0; +http://ahrefs.com/robot/)"
3.15.48.229 - - [10/Sep/2020:09:21:17 +0200] "GET / HTTP/1.1" 200 5069 "-" "Mozilla/5.0 (Windows NT 6.1; WOW64; rv:48.0) Gecko/20100101 Firefox/48.0"
3.15.48.229 - - [10/Sep/2020:09:53:45 +0200] "GET / HTTP/1.1" 200 5069 "-" "Mozilla/5.0 (Windows NT 6.1; Win64; x64; rv:40.0) Gecko/20100101 Firefox/40.0"
95.163.255.29 - - [10/Sep/2020:10:11:24 +0200] "GET /robots.txt HTTP/1.0" 404 208 "-" "Mozilla/5.0 (compatible; Linux x86_64; Mail.RU_Bot/2.0; +http://go.mail.ru/help/robots)"
95.163.255.23 - - [10/Sep/2020:10:11:30 +0200] "GET /js/components/img/upload/ecrecer/1%20(101).jpg HTTP/1.1" 404 242 "-" "Mozilla/5.0 (compatible; Linux x86_64; Mail.RU_Bot/2.0; +http://go.mail.ru/help/robots)"
95.163.255.24 - - [10/Sep/2020:10:11:35 +0200] "GET /js/components/img/upload/ecrecer/1%20(80).jpg HTTP/1.1" 404 241 "-" "Mozilla/5.0 (compatible; Linux x86_64; Mail.RU_Bot/2.0; +http://go.mail.ru/help/robots)"
95.163.255.24 - - [10/Sep/2020:10:19:27 +0200] "GET /robots.txt HTTP/1.0" 404 208 "-" "Mozilla/5.0 (compatible; Linux x86_64; Mail.RU_Bot/2.0; +http://go.mail.ru/help/robots)"
95.163.255.22 - - [10/Sep/2020:10:19:30 +0200] "GET /msweb-brand.png HTTP/1.1" 404 213 "-" "Mozilla/5.0 (compatible; Linux x86_64; Mail.RU_Bot/2.0; +http://go.mail.ru/help/robots)"
3.15.48.229 - - [10/Sep/2020:10:37:56 +0200] "GET / HTTP/1.1" 200 5069 "-" "Mozilla/5.0 (Macintosh; Intel Mac OS X 10_10) AppleWebKit/537.36 (KHTML, like Gecko) Chrome/64.0.3282.0 Safari/537.36"
74.125.208.28 - - [10/Sep/2020:10:46:47 +0200] "GET /js/components/img/upload/vilcarinox.it/immagine6.jpg HTTP/1.1" 404 250 "-" "Mozilla/5.0 (Windows NT 5.1; rv:11.0) Gecko Firefox/11.0 (via ggpht.com GoogleImageProxy)"
66.249.64.216 - - [10/Sep/2020:11:01:28 +0200] "GET / HTTP/1.1" 200 5069 "-" "Mozilla/5.0 (Linux; Android 6.0.1; Nexus 5X Build/MMB29P) AppleWebKit/537.36 (KHTML, like Gecko) Chrome/80.0.3987.92 Mobile Safari/537.36 (compatible; Googlebot/2.1; +http://www.google.com/bot.html)"
3.15.48.229 - - [10/Sep/2020:11:26:05 +0200] "GET / HTTP/1.1" 200 5069 "-" "Mozilla/5.0 (Windows NT 10.0; WOW64) AppleWebKit/537.36 (KHTML, like Gecko) Chrome/53.0.2785.116 Safari/537.36"
141.8.142.79 - - [10/Sep/2020:11:26:52 +0200] "GET /robots.txt HTTP/1.1" 404 208 "-" "Mozilla/5.0 (compatible; YandexBot/3.0; +http://yandex.com/bots)"
5.45.207.73 - - [10/Sep/2020:11:26:52 +0200] "GET /robots.txt HTTP/1.1" 404 208 "-" "Mozilla/5.0 (compatible; YandexBot/3.0; +http://yandex.com/bots)"
178.154.200.61 - - [10/Sep/2020:11:26:56 +0200] "GET / HTTP/1.1" 200 5069 "-" "Mozilla/5.0 (compatible; YandexBot/3.0; +http://yandex.com/bots)"
178.154.200.61 - - [10/Sep/2020:11:26:56 +0200] "GET / HTTP/1.1" 200 5069 "-" "Mozilla/5.0 (compatible; YandexBot/3.0; +http://yandex.com/bots)"
3.15.48.229 - - [10/Sep/2020:11:30:31 +0200] "GET / HTTP/1.1" 200 5069 "-" "Mozilla/5.0 (Windows NT 10.0; WOW64) AppleWebKit/537.36 (KHTML, like Gecko) Chrome/53.0.2785.116 Safari/537.36"
3.15.48.229 - - [10/Sep/2020:11:39:38 +0200] "GET / HTTP/1.1" 200 5069 "-" "Mozilla/5.0 (Windows NT 10.0; WOW64) AppleWebKit/537.36 (KHTML, like Gecko) Chrome/53.0.2785.116 Safari/537.36"
95.163.255.26 - - [10/Sep/2020:11:46:46 +0200] "GET /robots.txt HTTP/1.0" 404 208 "-" "Mozilla/5.0 (compatible; Linux x86_64; Mail.RU_Bot/2.0; +http://go.mail.ru/help/robots)"
95.163.255.27 - - [10/Sep/2020:11:46:51 +0200] "GET /js/components/img/upload/ecrecer/1%20(317).jpg HTTP/1.1" 404 242 "-" "Mozilla/5.0 (compatible; Linux x86_64; Mail.RU_Bot/2.0; +http://go.mail.ru/help/robots)"
95.163.255.24 - - [10/Sep/2020:11:59:25 +0200] "GET /js/components/img/upload/vilcarinox.it/2.jpg HTTP/1.1" 404 242 "-" "Mozilla/5.0 (compatible; Linux x86_64; Mail.RU_Bot/2.0; +http://go.mail.ru/help/robots)"
69.197.177.18 - - [10/Sep/2020:12:38:47 +0200] "GET / HTTP/1.1" 200 5069 "-" "Mozilla/5.0 (Macintosh; Intel Mac OS X 10_12_5) AppleWeb Kit/537.36 (KHTML, like Gecko) Chrome/58.0.3029.110 Safari/537.36"
54.149.79.122 - - [10/Sep/2020:12:44:19 +0200] "GET / HTTP/1.1" 200 5069 "-" "Mozilla/5.0 (Windows NT 10.0; Win64; x64)AppleWebKit/537.36 (KHTML, like Gecko) Chrome/66.0.3359.181 Safari/537.36"
52.37.22.237 - - [10/Sep/2020:12:45:23 +0200] "GET / HTTP/1.1" 200 5069 "-" "Mozilla/5.0 (Windows NT 10.0; WOW64) AppleWebKit/537.36 (KHTML, like Gecko) Chrome/53.0.2785.116 Safari/537.36"
95.163.255.23 - - [10/Sep/2020:13:18:53 +0200] "GET /robots.txt HTTP/1.0" 404 208 "-" "Mozilla/5.0 (compatible; Linux x86_64; Mail.RU_Bot/2.0; +http://go.mail.ru/help/robots)"
95.163.255.25 - - [10/Sep/2020:13:18:56 +0200] "GET /js/components/img/upload/ecrecer/1%20(209).jpg HTTP/1.1" 404 242 "-" "Mozilla/5.0 (compatible; Linux x86_64; Mail.RU_Bot/2.0; +http://go.mail.ru/help/robots)"
66.102.9.96 - - [10/Sep/2020:17:09:48 +0200] "GET /js/components/img/upload/ecrecer/quotesbocco02.jpg HTTP/1.1" 404 248 "-" "Mozilla/5.0 (Windows NT 5.1; rv:11.0) Gecko Firefox/11.0 (via ggpht.com GoogleImageProxy)"
95.163.255.38 - - [10/Sep/2020:17:57:58 +0200] "GET /robots.txt HTTP/1.0" 404 208 "-" "Mozilla/5.0 (compatible; Linux x86_64; Mail.RU_Bot/2.0; +http://go.mail.ru/help/robots)"
95.163.255.34 - - [10/Sep/2020:17:58:00 +0200] "GET /js/components/img/upload/vilcarinox.it/1%20(33).jpg HTTP/1.1" 404 247 "-" "Mozilla/5.0 (compatible; Linux x86_64; Mail.RU_Bot/2.0; +http://go.mail.ru/help/robots)"
66.249.64.218 - - [10/Sep/2020:18:14:03 +0200] "GET /robots.txt HTTP/1.1" 404 208 "-" "Mozilla/5.0 (compatible; Googlebot/2.1; +http://www.google.com/bot.html)"
66.249.64.216 - - [10/Sep/2020:18:14:08 +0200] "GET / HTTP/1.1" 200 5069 "-" "Mozilla/5.0 (compatible; Googlebot/2.1; +http://www.google.com/bot.html)"
13.90.44.28 - - [10/Sep/2020:18:19:41 +0200] "GET /js/components/img/upload/ecrecer/1 HTTP/1.1" 404 232 "-" "Mozilla/5.0 (Windows NT 10.0; Win64; x64) AppleWebKit/537.36 (KHTML, like Gecko) Chrome/76.0.3809.100 Safari/537.36"
13.90.44.28 - - [10/Sep/2020:18:19:41 +0200] "GET /js/components/img/upload/ecrecer/furgoni HTTP/1.1" 404 238 "-" "Mozilla/5.0 (Windows NT 10.0; Win64; x64) AppleWebKit/537.36 (KHTML, like Gecko) Chrome/76.0.3809.100 Safari/537.36"
13.90.44.28 - - [10/Sep/2020:18:19:44 +0200] "GET /js/components/img/upload/ecrecer/img_0002 HTTP/1.1" 404 239 "-" "Mozilla/5.0 (Windows NT 10.0; Win64; x64) AppleWebKit/537.36 (KHTML, like Gecko) Chrome/76.0.3809.100 Safari/537.36"
13.90.44.28 - - [10/Sep/2020:18:19:47 +0200] "GET /js/components/img/upload/ecrecer/img_0006 HTTP/1.1" 404 239 "-" "Mozilla/5.0 (Windows NT 10.0; Win64; x64) AppleWebKit/537.36 (KHTML, like Gecko) Chrome/76.0.3809.100 Safari/537.36"
13.90.44.28 - - [10/Sep/2020:18:19:48 +0200] "GET /js/components/img/upload/ecrecer/img_0007 HTTP/1.1" 404 239 "-" "Mozilla/5.0 (Windows NT 10.0; Win64; x64) AppleWebKit/537.36 (KHTML, like Gecko) Chrome/76.0.3809.100 Safari/537.36"
13.90.44.28 - - [10/Sep/2020:18:19:48 +0200] "GET /js/components/img/upload/ecrecer/img_0009 HTTP/1.1" 404 239 "-" "Mozilla/5.0 (Windows NT 10.0; Win64; x64) AppleWebKit/537.36 (KHTML, like Gecko) Chrome/76.0.3809.100 Safari/537.36"
13.90.44.28 - - [10/Sep/2020:18:19:49 +0200] "GET /js/components/img/upload/ecrecer/img_0026 HTTP/1.1" 404 239 "-" "Mozilla/5.0 (Windows NT 10.0; Win64; x64) AppleWebKit/537.36 (KHTML, like Gecko) Chrome/76.0.3809.100 Safari/537.36"
13.90.44.28 - - [10/Sep/2020:18:19:53 +0200] "GET /js/components/img/upload/ecrecer/img_0027 HTTP/1.1" 404 239 "-" "Mozilla/5.0 (Windows NT 10.0; Win64; x64) AppleWebKit/537.36 (KHTML, like Gecko) Chrome/76.0.3809.100 Safari/537.36"
13.90.44.28 - - [10/Sep/2020:18:19:53 +0200] "GET /js/components/img/upload/ecrecer/copia HTTP/1.1" 404 236 "-" "Mozilla/5.0 (Windows NT 10.0; Win64; x64) AppleWebKit/537.36 (KHTML, like Gecko) Chrome/76.0.3809.100 Safari/537.36"
13.90.44.28 - - [10/Sep/2020:18:19:53 +0200] "GET /js/components/img/upload/ecrecer/dsc_0006 HTTP/1.1" 404 239 "-" "Mozilla/5.0 (Windows NT 10.0; Win64; x64) AppleWebKit/537.36 (KHTML, like Gecko) Chrome/76.0.3809.100 Safari/537.36"
13.90.44.28 - - [10/Sep/2020:18:19:53 +0200] "GET /js/components/img/upload/ecrecer/immagine1.jpg HTTP/1.1" 404 244 "-" "Mozilla/5.0 (Windows NT 10.0; Win64; x64) AppleWebKit/537.36 (KHTML, like Gecko) Chrome/76.0.3809.100 Safari/537.36"
13.90.44.28 - - [10/Sep/2020:18:19:53 +0200] "GET /js/components/img/upload/ecrecer/dsc_0019 HTTP/1.1" 404 239 "-" "Mozilla/5.0 (Windows NT 10.0; Win64; x64) AppleWebKit/537.36 (KHTML, like Gecko) Chrome/76.0.3809.100 Safari/537.36"
13.90.44.28 - - [10/Sep/2020:18:19:53 +0200] "GET /js/components/img/upload/ecrecer/immagine2.jpg HTTP/1.1" 404 244 "-" "Mozilla/5.0 (Windows NT 10.0; Win64; x64) AppleWebKit/537.36 (KHTML, like Gecko) Chrome/76.0.3809.100 Safari/537.36"
13.90.44.28 - - [10/Sep/2020:18:19:54 +0200] "GET /js/components/img/upload/ecrecer/officina HTTP/1.1" 404 239 "-" "Mozilla/5.0 (Windows NT 10.0; Win64; x64) AppleWebKit/537.36 (KHTML, like Gecko) Chrome/76.0.3809.100 Safari/537.36"
13.90.44.28 - - [10/Sep/2020:18:19:54 +0200] "GET /js/components/img/upload/ecrecer/officina2 HTTP/1.1" 404 240 "-" "Mozilla/5.0 (Windows NT 10.0; Win64; x64) AppleWebKit/537.36 (KHTML, like Gecko) Chrome/76.0.3809.100 Safari/537.36"
13.90.44.28 - - [10/Sep/2020:18:19:54 +0200] "GET /js/components/img/upload/ecrecer/quotesbocco01.jpg HTTP/1.1" 404 248 "-" "Mozilla/5.0 (Windows NT 10.0; Win64; x64) AppleWebKit/537.36 (KHTML, like Gecko) Chrome/76.0.3809.100 Safari/537.36"
13.90.44.28 - - [10/Sep/2020:18:19:54 +0200] "GET /js/components/img/upload/ecrecer/quotesbocco02.jpg HTTP/1.1" 404 248 "-" "Mozilla/5.0 (Windows NT 10.0; Win64; x64) AppleWebKit/537.36 (KHTML, like Gecko) Chrome/76.0.3809.100 Safari/537.36"
13.90.44.28 - - [10/Sep/2020:18:19:54 +0200] "GET /js/components/img/upload/ecrecer/quotesbocco03.jpg HTTP/1.1" 404 248 "-" "Mozilla/5.0 (Windows NT 10.0; Win64; x64) AppleWebKit/537.36 (KHTML, like Gecko) Chrome/76.0.3809.100 Safari/537.36"
13.90.44.28 - - [10/Sep/2020:18:19:54 +0200] "GET /js/components/img/upload/ecrecer/quotesbocco04.jpg HTTP/1.1" 404 248 "-" "Mozilla/5.0 (Windows NT 10.0; Win64; x64) AppleWebKit/537.36 (KHTML, like Gecko) Chrome/76.0.3809.100 Safari/537.36"
13.90.44.28 - - [10/Sep/2020:18:19:55 +0200] "GET /js/components/img/upload/ecrecer/rullatrici HTTP/1.1" 404 241 "-" "Mozilla/5.0 (Windows NT 10.0; Win64; x64) AppleWebKit/537.36 (KHTML, like Gecko) Chrome/76.0.3809.100 Safari/537.36"
13.90.44.28 - - [10/Sep/2020:18:19:55 +0200] "GET /js/components/img/upload/ecrecer/saldatrice HTTP/1.1" 404 241 "-" "Mozilla/5.0 (Windows NT 10.0; Win64; x64) AppleWebKit/537.36 (KHTML, like Gecko) Chrome/76.0.3809.100 Safari/537.36"
13.90.44.28 - - [10/Sep/2020:18:19:55 +0200] "GET /js/components/img/upload/ecrecer/vil2 HTTP/1.1" 404 235 "-" "Mozilla/5.0 (Windows NT 10.0; Win64; x64) AppleWebKit/537.36 (KHTML, like Gecko) Chrome/76.0.3809.100 Safari/537.36"
13.90.44.28 - - [10/Sep/2020:18:19:55 +0200] "GET /js/components/img/upload/vilcarinox.it/esempio03.jpg HTTP/1.1" 404 250 "-" "Mozilla/5.0 (Windows NT 10.0; Win64; x64) AppleWebKit/537.36 (KHTML, like Gecko) Chrome/76.0.3809.100 Safari/537.36"
13.90.44.28 - - [10/Sep/2020:18:19:55 +0200] "GET /js/components/img/upload/vilcarinox.it/esempio17.jpg HTTP/1.1" 404 250 "-" "Mozilla/5.0 (Windows NT 10.0; Win64; x64) AppleWebKit/537.36 (KHTML, like Gecko) Chrome/76.0.3809.100 Safari/537.36"
13.90.44.28 - - [10/Sep/2020:18:19:55 +0200] "GET /js/components/img/upload/vilcarinox.it/esempio19.jpg HTTP/1.1" 404 250 "-" "Mozilla/5.0 (Windows NT 10.0; Win64; x64) AppleWebKit/537.36 (KHTML, like Gecko) Chrome/76.0.3809.100 Safari/537.36"
13.90.44.28 - - [10/Sep/2020:18:19:55 +0200] "GET /js/components/img/upload/vilcarinox.it/esempio23.jpg HTTP/1.1" 404 250 "-" "Mozilla/5.0 (Windows NT 10.0; Win64; x64) AppleWebKit/537.36 (KHTML, like Gecko) Chrome/76.0.3809.100 Safari/537.36"
13.90.44.28 - - [10/Sep/2020:18:19:55 +0200] "GET /js/components/img/upload/vilcarinox.it/img_7421_600x450.jpg HTTP/1.1" 404 257 "-" "Mozilla/5.0 (Windows NT 10.0; Win64; x64) AppleWebKit/537.36 (KHTML, like Gecko) Chrome/76.0.3809.100 Safari/537.36"
13.90.44.28 - - [10/Sep/2020:18:19:56 +0200] "GET /js/components/img/upload/vilcarinox.it/img_7426_600x450.jpg HTTP/1.1" 404 257 "-" "Mozilla/5.0 (Windows NT 10.0; Win64; x64) AppleWebKit/537.36 (KHTML, like Gecko) Chrome/76.0.3809.100 Safari/537.36"
13.90.44.28 - - [10/Sep/2020:18:19:56 +0200] "GET /js/components/img/upload/vilcarinox.it/img_7451_600x450.jpg HTTP/1.1" 404 257 "-" "Mozilla/5.0 (Windows NT 10.0; Win64; x64) AppleWebKit/537.36 (KHTML, like Gecko) Chrome/76.0.3809.100 Safari/537.36"
13.90.44.28 - - [10/Sep/2020:18:19:56 +0200] "GET /js/components/img/upload/vilcarinox.it/img_7453_600x450.jpg HTTP/1.1" 404 257 "-" "Mozilla/5.0 (Windows NT 10.0; Win64; x64) AppleWebKit/537.36 (KHTML, like Gecko) Chrome/76.0.3809.100 Safari/537.36"
13.90.44.28 - - [10/Sep/2020:18:19:57 +0200] "GET /js/components/img/upload/vilcarinox.it/img_7468_600x450.jpg HTTP/1.1" 404 257 "-" "Mozilla/5.0 (Windows NT 10.0; Win64; x64) AppleWebKit/537.36 (KHTML, like Gecko) Chrome/76.0.3809.100 Safari/537.36"
13.90.44.28 - - [10/Sep/2020:18:19:57 +0200] "GET /js/components/img/upload/vilcarinox.it/vid.jpg HTTP/1.1" 404 244 "-" "Mozilla/5.0 (Windows NT 10.0; Win64; x64) AppleWebKit/537.36 (KHTML, like Gecko) Chrome/76.0.3809.100 Safari/537.36"
52.37.22.237 - - [10/Sep/2020:18:38:25 +0200] "GET / HTTP/1.1" 200 5069 "-" "Mozilla/5.0 (Windows NT 10.0; WOW64) AppleWebKit/537.36 (KHTML, like Gecko) Chrome/53.0.2785.116 Safari/537.36"
52.37.22.237 - - [10/Sep/2020:18:42:50 +0200] "GET / HTTP/1.1" 200 5069 "-" "Mozilla/5.0 (Windows NT 10.0; WOW64) AppleWebKit/537.36 (KHTML, like Gecko) Chrome/53.0.2785.116 Safari/537.36"
74.125.208.28 - - [10/Sep/2020:18:47:57 +0200] "GET /js/components/img/upload/vilcarinox.it/1%20(217).jpg HTTP/1.1" 404 248 "-" "Mozilla/5.0 (Windows NT 5.1; rv:11.0) Gecko Firefox/11.0 (via ggpht.com GoogleImageProxy)"
52.37.22.237 - - [10/Sep/2020:18:52:47 +0200] "GET / HTTP/1.1" 200 5069 "-" "Mozilla/5.0 (Windows NT 10.0; WOW64) AppleWebKit/537.36 (KHTML, like Gecko) Chrome/53.0.2785.116 Safari/537.36"
74.125.208.30 - - [10/Sep/2020:18:55:02 +0200] "GET /js/components/img/upload/vilcarinox.it/1.jpg HTTP/1.1" 404 242 "-" "Mozilla/5.0 (Windows NT 5.1; rv:11.0) Gecko Firefox/11.0 (via ggpht.com GoogleImageProxy)"
74.125.208.30 - - [10/Sep/2020:18:55:25 +0200] "GET /js/components/img/upload/vilcarinox.it/2.jpg HTTP/1.1" 404 242 "-" "Mozilla/5.0 (Windows NT 5.1; rv:11.0) Gecko Firefox/11.0 (via ggpht.com GoogleImageProxy)"
52.37.22.237 - - [10/Sep/2020:18:56:49 +0200] "GET / HTTP/1.1" 200 5069 "-" "Mozilla/5.0 (Windows NT 10.0; WOW64) AppleWebKit/537.36 (KHTML, like Gecko) Chrome/53.0.2785.116 Safari/537.36"
52.37.22.237 - - [10/Sep/2020:18:59:54 +0200] "GET / HTTP/1.1" 200 5069 "-" "Mozilla/5.0 (Windows NT 10.0; WOW64) AppleWebKit/537.36 (KHTML, like Gecko) Chrome/53.0.2785.116 Safari/537.36"
54.36.149.96 - - [10/Sep/2020:19:07:11 +0200] "GET / HTTP/1.1" 200 5069 "-" "Mozilla/5.0 (compatible; AhrefsBot/7.0; +http://ahrefs.com/robot/)"
95.163.255.37 - - [10/Sep/2020:19:32:57 +0200] "GET /robots.txt HTTP/1.0" 404 208 "-" "Mozilla/5.0 (compatible; Linux x86_64; Mail.RU_Bot/2.0; +http://go.mail.ru/help/robots)"
95.163.255.32 - - [10/Sep/2020:19:32:59 +0200] "GET /js/components/img/upload/vilcarinox.it/1%20(217).jpg HTTP/1.1" 404 248 "-" "Mozilla/5.0 (compatible; Linux x86_64; Mail.RU_Bot/2.0; +http://go.mail.ru/help/robots)"
149.28.252.230 - - [10/Sep/2020:20:48:23 +0200] "GET /.env HTTP/1.1" 404 202 "-" "Mozilla/5.0 (X11; Linux x86_64) AppleWebKit/537.36 (KHTML, like Gecko) Chrome/81.0.4044.129 Safari/537.36"
149.28.252.230 - - [10/Sep/2020:20:48:27 +0200] "POST / HTTP/1.1" 200 5069 "-" "Mozilla/5.0 (X11; Linux x86_64) AppleWebKit/537.36 (KHTML, like Gecko) Chrome/81.0.4044.129 Safari/537.36"
66.249.64.216 - - [10/Sep/2020:21:36:05 +0200] "GET / HTTP/1.1" 200 5069 "-" "Mozilla/5.0 (Linux; Android 6.0.1; Nexus 5X Build/MMB29P) AppleWebKit/537.36 (KHTML, like Gecko) Chrome/80.0.3987.92 Mobile Safari/537.36 (compatible; Googlebot/2.1; +http://www.google.com/bot.html)"
52.37.22.237 - - [10/Sep/2020:22:02:31 +0200] "GET / HTTP/1.1" 200 5069 "-" "Mozilla/5.0 (Windows NT 10.0; WOW64) AppleWebKit/537.36 (KHTML, like Gecko) Chrome/53.0.2785.116 Safari/537.36"
52.37.22.237 - - [10/Sep/2020:22:25:30 +0200] "GET / HTTP/1.1" 200 5069 "-" "Mozilla/5.0 (Windows NT 10.0; WOW64) AppleWebKit/537.36 (KHTML, like Gecko) Chrome/53.0.2785.116 Safari/537.36"
207.46.13.123 - - [10/Sep/2020:22:27:46 +0200] "GET /js/components/img/upload/vilcarinox.it/14.jpg HTTP/1.1" 404 243 "-" "Mozilla/5.0 (compatible; bingbot/2.0; +http://www.bing.com/bingbot.htm)"
52.37.22.237 - - [10/Sep/2020:22:27:57 +0200] "GET / HTTP/1.1" 200 5069 "-" "Mozilla/5.0 (Windows NT 10.0; WOW64) AppleWebKit/537.36 (KHTML, like Gecko) Chrome/53.0.2785.116 Safari/537.36"
52.37.22.237 - - [10/Sep/2020:22:45:08 +0200] "GET / HTTP/1.1" 200 5069 "-" "Mozilla/5.0 (Windows NT 10.0; WOW64) AppleWebKit/537.36 (KHTML, like Gecko) Chrome/53.0.2785.116 Safari/537.36"
52.37.22.237 - - [10/Sep/2020:22:52:45 +0200] "GET / HTTP/1.1" 200 5069 "-" "Mozilla/5.0 (Windows NT 10.0; WOW64) AppleWebKit/537.36 (KHTML, like Gecko) Chrome/53.0.2785.116 Safari/537.36"
52.37.22.237 - - [10/Sep/2020:22:55:10 +0200] "GET / HTTP/1.1" 200 5069 "-" "Mozilla/5.0 (Windows NT 10.0; WOW64) AppleWebKit/537.36 (KHTML, like Gecko) Chrome/53.0.2785.116 Safari/537.36"
77.75.76.167 - - [11/Sep/2020:01:05:42 +0200] "GET /robots.txt HTTP/1.1" 404 208 "-" "Mozilla/5.0 (compatible; SeznamBot/3.2; +http://napoveda.seznam.cz/en/seznambot-intro/)"
77.75.76.167 - - [11/Sep/2020:01:05:43 +0200] "GET /js/components/img/upload/vilcarinox.it/img_7451_600x450.jpg HTTP/1.1" 404 257 "-" "Mozilla/5.0 (compatible; SeznamBot/3.2; +http://napoveda.seznam.cz/en/seznambot-intro/)"
77.75.78.170 - - [11/Sep/2020:02:00:47 +0200] "GET /robots.txt HTTP/1.1" 404 208 "-" "Mozilla/5.0 (compatible; SeznamBot/3.2; +http://napoveda.seznam.cz/en/seznambot-intro/)"
77.75.78.170 - - [11/Sep/2020:02:00:48 +0200] "GET /js/components/img/upload/vilcarinox.it/img_7426_600x450.jpg HTTP/1.1" 404 257 "-" "Mozilla/5.0 (compatible; SeznamBot/3.2; +http://napoveda.seznam.cz/en/seznambot-intro/)"
95.163.255.36 - - [11/Sep/2020:06:36:23 +0200] "GET /robots.txt HTTP/1.0" 404 208 "-" "Mozilla/5.0 (compatible; Linux x86_64; Mail.RU_Bot/2.0; +http://go.mail.ru/help/robots)"
95.163.255.39 - - [11/Sep/2020:06:36:25 +0200] "GET /js/components/img/upload/vilcarinox.it/vid.jpg HTTP/1.1" 404 244 "-" "Mozilla/5.0 (compatible; Linux x86_64; Mail.RU_Bot/2.0; +http://go.mail.ru/help/robots)"
66.249.64.218 - - [11/Sep/2020:07:23:29 +0200] "GET /robots.txt HTTP/1.1" 404 208 "-" "Mozilla/5.0 (compatible; Googlebot/2.1; +http://www.google.com/bot.html)"
66.249.64.216 - - [11/Sep/2020:07:23:29 +0200] "GET / HTTP/1.1" 200 5069 "-" "Mozilla/5.0 (Linux; Android 6.0.1; Nexus 5X Build/MMB29P) AppleWebKit/537.36 (KHTML, like Gecko) Chrome/80.0.3987.92 Mobile Safari/537.36 (compatible; Googlebot/2.1; +http://www.google.com/bot.html)"
3.15.48.229 - - [11/Sep/2020:07:24:56 +0200] "GET / HTTP/1.1" 200 5069 "-" "Mozilla/5.0 (Windows NT 10.0; WOW64) AppleWebKit/537.36 (KHTML, like Gecko) Chrome/53.0.2785.116 Safari/537.36"
52.37.22.237 - - [11/Sep/2020:07:30:45 +0200] "GET / HTTP/1.1" 200 5069 "-" "Mozilla/5.0 (Windows NT 10.0; WOW64) AppleWebKit/537.36 (KHTML, like Gecko) Chrome/53.0.2785.116 Safari/537.36"
52.37.22.237 - - [11/Sep/2020:08:16:48 +0200] "GET / HTTP/1.1" 200 5069 "-" "Mozilla/5.0 (Windows NT 10.0; WOW64) AppleWebKit/537.36 (KHTML, like Gecko) Chrome/53.0.2785.116 Safari/537.36"
40.77.167.19 - - [11/Sep/2020:08:33:58 +0200] "GET /js/components/img/upload/vilcarinox.it/1%20(217).jpg HTTP/1.1" 404 248 "-" "Mozilla/5.0 (compatible; bingbot/2.0; +http://www.bing.com/bingbot.htm)"
192.71.44.44 - - [11/Sep/2020:08:42:28 +0200] "GET /robots.txt HTTP/1.1" 404 208 "-" "Go-http-client/1.1"
192.71.44.44 - - [11/Sep/2020:08:42:28 +0200] "GET /humans.txt HTTP/1.1" 404 208 "-" "Go-http-client/1.1"
192.71.30.89 - - [11/Sep/2020:08:42:29 +0200] "GET /ads.txt HTTP/1.1" 404 205 "-" "Go-http-client/1.1"
192.36.71.133 - - [11/Sep/2020:08:42:29 +0200] "GET / HTTP/1.1" 200 5069 "-" "Go-http-client/1.1"
95.163.255.35 - - [11/Sep/2020:09:34:44 +0200] "GET /robots.txt HTTP/1.0" 404 208 "-" "Mozilla/5.0 (compatible; Linux x86_64; Mail.RU_Bot/2.0; +http://go.mail.ru/help/robots)"
95.163.255.39 - - [11/Sep/2020:09:34:47 +0200] "GET /js/components/img/upload/vilcarinox.it/10.jpg HTTP/1.1" 404 243 "-" "Mozilla/5.0 (compatible; Linux x86_64; Mail.RU_Bot/2.0; +http://go.mail.ru/help/robots)"
66.249.64.218 - - [11/Sep/2020:10:12:01 +0200] "GET / HTTP/1.1" 200 5069 "-" "Mozilla/5.0 (compatible; Googlebot/2.1; +http://www.google.com/bot.html)"
74.125.208.28 - - [11/Sep/2020:10:33:28 +0200] "GET /js/components/img/upload/ecrecer/quotesbocco02.jpg HTTP/1.1" 404 248 "-" "Mozilla/5.0 (Windows NT 5.1; rv:11.0) Gecko Firefox/11.0 (via ggpht.com GoogleImageProxy)"
74.125.208.1 - - [11/Sep/2020:10:33:42 +0200] "GET /js/components/img/upload/ecrecer/quotesbocco02.jpg HTTP/1.1" 404 248 "-" "Mozilla/5.0 (Windows NT 5.1; rv:11.0) Gecko Firefox/11.0 (via ggpht.com GoogleImageProxy)"
54.36.148.187 - - [11/Sep/2020:10:47:43 +0200] "GET /robots.txt HTTP/1.1" 404 208 "-" "Mozilla/5.0 (compatible; AhrefsBot/6.1; +http://ahrefs.com/robot/)"
54.36.149.58 - - [11/Sep/2020:10:47:44 +0200] "GET / HTTP/1.1" 200 5069 "-" "Mozilla/5.0 (compatible; AhrefsBot/7.0; +http://ahrefs.com/robot/)"
64.120.109.60 - - [11/Sep/2020:11:00:43 +0200] "GET / HTTP/1.1" 200 5069 "-" "Mozilla/5.0 (Windows NT 10.0; Win64; x64) AppleWebKit/537.36 (KHTML, like Gecko) Chrome/80.0.3987.122 Safari/537.36"
207.46.13.218 - - [11/Sep/2020:12:34:49 +0200] "GET /robots.txt HTTP/1.1" 404 208 "-" "Mozilla/5.0 (compatible; bingbot/2.0; +http://www.bing.com/bingbot.htm)"
40.77.167.63 - - [11/Sep/2020:12:34:51 +0200] "GET / HTTP/1.1" 304 - "-" "Mozilla/5.0 (compatible; bingbot/2.0; +http://www.bing.com/bingbot.htm)"
181.199.48.229 - - [11/Sep/2020:15:32:52 +0200] "GET / HTTP/1.1" 200 5069 "-" "Mozilla/5.0 (Windows NT 10.0; Win64; x64) AppleWebKit/537.36 (KHTML, like Gecko) Chrome/79.0.3945.88 Safari/537.36"
181.199.48.229 - - [11/Sep/2020:15:41:27 +0200] "GET / HTTP/1.1" 200 5069 "-" "Mozilla/5.0 (Windows NT 10.0; Win64; x64) AppleWebKit/537.36 (KHTML, like Gecko) Chrome/79.0.3945.88 Safari/537.36"
181.199.48.229 - - [11/Sep/2020:16:00:13 +0200] "GET / HTTP/1.1" 200 5069 "-" "Mozilla/5.0 (Windows NT 10.0; Win64; x64) AppleWebKit/537.36 (KHTML, like Gecko) Chrome/79.0.3945.88 Safari/537.36"
66.249.64.218 - - [11/Sep/2020:17:59:26 +0200] "GET / HTTP/1.1" 200 5069 "-" "Mozilla/5.0 (Linux; Android 6.0.1; Nexus 5X Build/MMB29P) AppleWebKit/537.36 (KHTML, like Gecko) Chrome/80.0.3987.92 Mobile Safari/537.36 (compatible; Googlebot/2.1; +http://www.google.com/bot.html)"
34.222.219.152 - - [11/Sep/2020:18:26:45 +0200] "GET / HTTP/1.1" 200 5069 "-" "Mozilla/5.0 (Windows NT 10.0; Win64; x64)AppleWebKit/537.36 (KHTML, like Gecko) Chrome/66.0.3359.181 Safari/537.36"
95.163.255.33 - - [11/Sep/2020:18:59:44 +0200] "GET /robots.txt HTTP/1.0" 404 208 "-" "Mozilla/5.0 (compatible; Linux x86_64; Mail.RU_Bot/2.0; +http://go.mail.ru/help/robots)"
95.163.255.38 - - [11/Sep/2020:18:59:48 +0200] "GET /js/components/img/upload/vilcarinox.it/1%20(33).jpg HTTP/1.1" 404 247 "-" "Mozilla/5.0 (compatible; Linux x86_64; Mail.RU_Bot/2.0; +http://go.mail.ru/help/robots)"
51.38.48.186 - - [11/Sep/2020:19:50:54 +0200] "GET /wp-adm.php HTTP/1.1" 404 16 "http://budget-accounting.com/wp-adm.php" "Mozilla/4.0 (compatible; MSIE 6.0; Windows NT 5.1; SV1)"
51.38.48.186 - - [11/Sep/2020:19:50:54 +0200] "GET /bd.php HTTP/1.1" 404 16 "http://budget-accounting.com/bd.php" "Mozilla/4.0 (compatible; MSIE 6.0; Windows NT 5.1; SV1)"
51.38.48.186 - - [11/Sep/2020:19:50:54 +0200] "GET /cron.php HTTP/1.1" 404 16 "http://budget-accounting.com/cron.php" "Mozilla/4.0 (compatible; MSIE 6.0; Windows NT 5.1; SV1)"
51.38.48.186 - - [11/Sep/2020:19:50:54 +0200] "GET /info.php HTTP/1.1" 404 16 "http://budget-accounting.com/info.php" "Mozilla/4.0 (compatible; MSIE 6.0; Windows NT 5.1; SV1)"
51.38.48.186 - - [11/Sep/2020:19:50:54 +0200] "GET /forum1.php HTTP/1.1" 404 16 "http://budget-accounting.com/forum1.php" "Mozilla/4.0 (compatible; MSIE 6.0; Windows NT 5.1; SV1)"
51.38.48.186 - - [11/Sep/2020:19:50:54 +0200] "GET /forum.php HTTP/1.1" 404 16 "http://budget-accounting.com/forum.php" "Mozilla/4.0 (compatible; MSIE 6.0; Windows NT 5.1; SV1)"
51.38.48.186 - - [11/Sep/2020:19:50:54 +0200] "GET /page.php HTTP/1.1" 404 16 "http://budget-accounting.com/page.php" "Mozilla/4.0 (compatible; MSIE 6.0; Windows NT 5.1; SV1)"
51.38.48.186 - - [11/Sep/2020:19:50:54 +0200] "GET /system.php HTTP/1.1" 404 16 "http://budget-accounting.com/system.php" "Mozilla/4.0 (compatible; MSIE 6.0; Windows NT 5.1; SV1)"
51.38.48.186 - - [11/Sep/2020:19:50:54 +0200] "GET /about.php HTTP/1.1" 404 16 "http://budget-accounting.com/about.php" "Mozilla/4.0 (compatible; MSIE 6.0; Windows NT 5.1; SV1)"
51.38.48.186 - - [11/Sep/2020:19:50:54 +0200] "GET /0.php HTTP/1.1" 404 16 "http://budget-accounting.com/0.php" "Mozilla/4.0 (compatible; MSIE 6.0; Windows NT 5.1; SV1)"
51.38.48.186 - - [11/Sep/2020:19:50:54 +0200] "GET /wp-action.php HTTP/1.1" 404 16 "http://budget-accounting.com/wp-action.php" "Mozilla/4.0 (compatible; MSIE 6.0; Windows NT 5.1; SV1)"
51.38.48.186 - - [11/Sep/2020:19:50:54 +0200] "GET /robots.php HTTP/1.1" 404 16 "http://budget-accounting.com/robots.php" "Mozilla/4.0 (compatible; MSIE 6.0; Windows NT 5.1; SV1)"
51.38.48.186 - - [11/Sep/2020:19:50:54 +0200] "GET /wos.php HTTP/1.1" 404 16 "http://budget-accounting.com/wos.php" "Mozilla/4.0 (compatible; MSIE 6.0; Windows NT 5.1; SV1)"
51.38.48.186 - - [11/Sep/2020:19:50:54 +0200] "GET /theme1.php HTTP/1.1" 404 16 "http://budget-accounting.com/theme1.php" "Mozilla/4.0 (compatible; MSIE 6.0; Windows NT 5.1; SV1)"
51.38.48.186 - - [11/Sep/2020:19:50:54 +0200] "GET /wsi.php HTTP/1.1" 404 16 "http://budget-accounting.com/wsi.php" "Mozilla/4.0 (compatible; MSIE 6.0; Windows NT 5.1; SV1)"
51.38.48.186 - - [11/Sep/2020:19:50:54 +0200] "GET /wp-links.php HTTP/1.1" 404 16 "http://budget-accounting.com/wp-links.php" "Mozilla/4.0 (compatible; MSIE 6.0; Windows NT 5.1; SV1)"
51.38.48.186 - - [11/Sep/2020:19:50:54 +0200] "GET /403.php HTTP/1.1" 404 16 "http://budget-accounting.com/403.php" "Mozilla/4.0 (compatible; MSIE 6.0; Windows NT 5.1; SV1)"
51.38.48.186 - - [11/Sep/2020:19:50:54 +0200] "GET /404.php HTTP/1.1" 404 16 "http://budget-accounting.com/404.php" "Mozilla/4.0 (compatible; MSIE 6.0; Windows NT 5.1; SV1)"
51.38.48.186 - - [11/Sep/2020:19:50:54 +0200] "GET /wp-admine.php HTTP/1.1" 404 16 "http://budget-accounting.com/wp-admine.php" "Mozilla/4.0 (compatible; MSIE 6.0; Windows NT 5.1; SV1)"
51.38.48.186 - - [11/Sep/2020:19:50:54 +0200] "GET /wp-blog.php HTTP/1.1" 404 16 "http://budget-accounting.com/wp-blog.php" "Mozilla/4.0 (compatible; MSIE 6.0; Windows NT 5.1; SV1)"
51.38.48.186 - - [11/Sep/2020:19:50:54 +0200] "GET /wp-404.php HTTP/1.1" 404 16 "http://budget-accounting.com/wp-404.php" "Mozilla/4.0 (compatible; MSIE 6.0; Windows NT 5.1; SV1)"
51.38.48.186 - - [11/Sep/2020:19:50:54 +0200] "GET /index2.php HTTP/1.1" 404 16 "http://budget-accounting.com/index2.php" "Mozilla/4.0 (compatible; MSIE 6.0; Windows NT 5.1; SV1)"
51.38.48.186 - - [11/Sep/2020:19:50:54 +0200] "GET /edit.php HTTP/1.1" 404 16 "http://budget-accounting.com/edit.php" "Mozilla/4.0 (compatible; MSIE 6.0; Windows NT 5.1; SV1)"
51.38.48.186 - - [11/Sep/2020:19:50:54 +0200] "GET /meta.php HTTP/1.1" 404 16 "http://budget-accounting.com/meta.php" "Mozilla/4.0 (compatible; MSIE 6.0; Windows NT 5.1; SV1)"
51.38.48.186 - - [11/Sep/2020:19:50:54 +0200] "GET /theme.php HTTP/1.1" 404 16 "http://budget-accounting.com/theme.php" "Mozilla/4.0 (compatible; MSIE 6.0; Windows NT 5.1; SV1)"
51.38.48.186 - - [11/Sep/2020:19:50:54 +0200] "GET /images.php HTTP/1.1" 404 16 "http://budget-accounting.com/images.php" "Mozilla/4.0 (compatible; MSIE 6.0; Windows NT 5.1; SV1)"
51.38.48.186 - - [11/Sep/2020:19:50:54 +0200] "GET /wwos.php HTTP/1.1" 404 16 "http://budget-accounting.com/wwos.php" "Mozilla/4.0 (compatible; MSIE 6.0; Windows NT 5.1; SV1)"
51.38.48.186 - - [11/Sep/2020:19:50:54 +0200] "GET /wp-blog-mail.php HTTP/1.1" 404 16 "http://budget-accounting.com/wp-blog-mail.php" "Mozilla/4.0 (compatible; MSIE 6.0; Windows NT 5.1; SV1)"
51.38.48.186 - - [11/Sep/2020:19:50:54 +0200] "GET /error.php HTTP/1.1" 404 16 "http://budget-accounting.com/error.php" "Mozilla/4.0 (compatible; MSIE 6.0; Windows NT 5.1; SV1)"
51.38.48.186 - - [11/Sep/2020:19:50:54 +0200] "GET /wp-upload.php HTTP/1.1" 404 16 "http://budget-accounting.com/wp-upload.php" "Mozilla/4.0 (compatible; MSIE 6.0; Windows NT 5.1; SV1)"
51.38.48.186 - - [11/Sep/2020:19:50:54 +0200] "GET /phpinfo.php HTTP/1.1" 404 16 "http://budget-accounting.com/phpinfo.php" "Mozilla/4.0 (compatible; MSIE 6.0; Windows NT 5.1; SV1)"
51.38.48.186 - - [11/Sep/2020:19:50:54 +0200] "GET /wp-conf.php HTTP/1.1" 404 16 "http://budget-accounting.com/wp-conf.php" "Mozilla/4.0 (compatible; MSIE 6.0; Windows NT 5.1; SV1)"
51.38.48.186 - - [11/Sep/2020:19:50:54 +0200] "GET /header.php HTTP/1.1" 404 16 "http://budget-accounting.com/header.php" "Mozilla/4.0 (compatible; MSIE 6.0; Windows NT 5.1; SV1)"
51.38.48.186 - - [11/Sep/2020:19:50:54 +0200] "GET /wp-info.php HTTP/1.1" 404 16 "http://budget-accounting.com/wp-info.php" "Mozilla/4.0 (compatible; MSIE 6.0; Windows NT 5.1; SV1)"
51.38.48.186 - - [11/Sep/2020:19:50:54 +0200] "GET /wp-on.php HTTP/1.1" 404 16 "http://budget-accounting.com/wp-on.php" "Mozilla/4.0 (compatible; MSIE 6.0; Windows NT 5.1; SV1)"
51.38.48.186 - - [11/Sep/2020:19:50:54 +0200] "GET /wp-anyconf.php HTTP/1.1" 404 16 "http://budget-accounting.com/wp-anyconf.php" "Mozilla/4.0 (compatible; MSIE 6.0; Windows NT 5.1; SV1)"
51.38.48.186 - - [11/Sep/2020:19:50:54 +0200] "GET /123.php HTTP/1.1" 404 16 "http://budget-accounting.com/123.php" "Mozilla/4.0 (compatible; MSIE 6.0; Windows NT 5.1; SV1)"
51.38.48.186 - - [11/Sep/2020:19:50:54 +0200] "GET /config.php HTTP/1.1" 404 16 "http://budget-accounting.com/config.php" "Mozilla/4.0 (compatible; MSIE 6.0; Windows NT 5.1; SV1)"
51.38.48.186 - - [11/Sep/2020:19:50:54 +0200] "GET /ftp.php HTTP/1.1" 404 16 "http://budget-accounting.com/ftp.php" "Mozilla/4.0 (compatible; MSIE 6.0; Windows NT 5.1; SV1)"
51.38.48.186 - - [11/Sep/2020:19:50:54 +0200] "GET /license.php HTTP/1.1" 404 16 "http://budget-accounting.com/license.php" "Mozilla/4.0 (compatible; MSIE 6.0; Windows NT 5.1; SV1)"
51.38.48.186 - - [11/Sep/2020:19:50:54 +0200] "GET /server.php HTTP/1.1" 404 16 "http://budget-accounting.com/server.php" "Mozilla/4.0 (compatible; MSIE 6.0; Windows NT 5.1; SV1)"
51.38.48.186 - - [11/Sep/2020:19:50:54 +0200] "GET /xmlrpz.php HTTP/1.1" 404 16 "http://budget-accounting.com/xmlrpz.php" "Mozilla/4.0 (compatible; MSIE 6.0; Windows NT 5.1; SV1)"
51.38.48.186 - - [11/Sep/2020:19:50:54 +0200] "GET /wp-mains.php HTTP/1.1" 404 16 "http://budget-accounting.com/wp-mains.php" "Mozilla/4.0 (compatible; MSIE 6.0; Windows NT 5.1; SV1)"
51.38.48.186 - - [11/Sep/2020:19:50:54 +0200] "GET /base.php HTTP/1.1" 404 16 "http://budget-accounting.com/base.php" "Mozilla/4.0 (compatible; MSIE 6.0; Windows NT 5.1; SV1)"
51.38.48.186 - - [11/Sep/2020:19:50:54 +0200] "GET /log.php HTTP/1.1" 404 16 "http://budget-accounting.com/log.php" "Mozilla/4.0 (compatible; MSIE 6.0; Windows NT 5.1; SV1)"
51.38.48.186 - - [11/Sep/2020:19:50:54 +0200] "GET /ab0ut.php HTTP/1.1" 404 16 "http://budget-accounting.com/ab0ut.php" "Mozilla/4.0 (compatible; MSIE 6.0; Windows NT 5.1; SV1)"
51.38.48.186 - - [11/Sep/2020:19:50:54 +0200] "GET /test.php HTTP/1.1" 404 16 "http://budget-accounting.com/test.php" "Mozilla/4.0 (compatible; MSIE 6.0; Windows NT 5.1; SV1)"
51.38.48.186 - - [11/Sep/2020:19:50:54 +0200] "GET /3.php HTTP/1.1" 404 16 "http://budget-accounting.com/3.php" "Mozilla/4.0 (compatible; MSIE 6.0; Windows NT 5.1; SV1)"
51.38.48.186 - - [11/Sep/2020:19:50:54 +0200] "GET /wso.php HTTP/1.1" 404 16 "http://budget-accounting.com/wso.php" "Mozilla/4.0 (compatible; MSIE 6.0; Windows NT 5.1; SV1)"
51.38.48.186 - - [11/Sep/2020:19:50:54 +0200] "GET /admin.php HTTP/1.1" 404 16 "http://budget-accounting.com/admin.php" "Mozilla/4.0 (compatible; MSIE 6.0; Windows NT 5.1; SV1)"
181.199.48.229 - - [11/Sep/2020:20:55:21 +0200] "GET / HTTP/1.1" 200 5069 "-" "Mozilla/5.0 (Windows NT 10.0; WOW64) AppleWebKit/537.36 (KHTML, like Gecko) Chrome/53.0.2785.116 Safari/537.36"
207.46.13.218 - - [11/Sep/2020:23:04:59 +0200] "GET /robots.txt HTTP/1.1" 404 208 "-" "Mozilla/5.0 (compatible; bingbot/2.0; +http://www.bing.com/bingbot.htm)"
207.46.13.123 - - [11/Sep/2020:23:27:49 +0200] "GET /js/components/img/upload/ecrecer/1%20(2).jpg HTTP/1.1" 404 240 "-" "Mozilla/5.0 (compatible; bingbot/2.0; +http://www.bing.com/bingbot.htm)"
95.163.255.39 - - [12/Sep/2020:01:20:44 +0200] "GET /robots.txt HTTP/1.0" 404 208 "-" "Mozilla/5.0 (compatible; Linux x86_64; Mail.RU_Bot/2.0; +http://go.mail.ru/help/robots)"
95.163.255.34 - - [12/Sep/2020:01:20:45 +0200] "GET /js/components/img/upload/vilcarinox.it/vid.jpg HTTP/1.1" 404 244 "-" "Mozilla/5.0 (compatible; Linux x86_64; Mail.RU_Bot/2.0; +http://go.mail.ru/help/robots)"
54.36.148.14 - - [12/Sep/2020:02:00:54 +0200] "GET / HTTP/1.1" 200 5069 "-" "Mozilla/5.0 (compatible; AhrefsBot/7.0; +http://ahrefs.com/robot/)"
185.191.171.26 - - [12/Sep/2020:03:10:09 +0200] "GET /robots.txt HTTP/1.1" 404 208 "-" "Mozilla/5.0 (compatible; SemrushBot/6~bl; +http://www.semrush.com/bot.html)"
185.191.171.16 - - [12/Sep/2020:03:10:12 +0200] "GET / HTTP/1.1" 200 5069 "-" "Mozilla/5.0 (compatible; SemrushBot/6~bl; +http://www.semrush.com/bot.html)"
157.55.39.182 - - [12/Sep/2020:03:29:08 +0200] "GET /js/components/img/upload/vilcarinox.it/img_7421_600x450.jpg HTTP/1.1" 404 257 "-" "Mozilla/5.0 (compatible; bingbot/2.0; +http://www.bing.com/bingbot.htm)"
66.249.64.216 - - [12/Sep/2020:03:41:53 +0200] "GET /robots.txt HTTP/1.1" 404 208 "-" "Mozilla/5.0 (compatible; Googlebot/2.1; +http://www.google.com/bot.html)"
66.249.64.214 - - [12/Sep/2020:03:41:53 +0200] "GET / HTTP/1.1" 200 5069 "-" "Mozilla/5.0 (Linux; Android 6.0.1; Nexus 5X Build/MMB29P) AppleWebKit/537.36 (KHTML, like Gecko) Chrome/80.0.3987.92 Mobile Safari/537.36 (compatible; Googlebot/2.1; +http://www.google.com/bot.html)"
207.46.13.203 - - [12/Sep/2020:04:28:40 +0200] "GET /js/components/img/upload/vilcarinox.it/9.jpg HTTP/1.1" 404 242 "-" "Mozilla/5.0 (compatible; bingbot/2.0; +http://www.bing.com/bingbot.htm)"
178.154.200.171 - - [12/Sep/2020:07:34:22 +0200] "GET /robots.txt HTTP/1.1" 404 208 "-" "Mozilla/5.0 (compatible; YandexBot/3.0; +http://yandex.com/bots)"
178.154.200.171 - - [12/Sep/2020:07:34:26 +0200] "GET / HTTP/1.1" 200 5069 "-" "Mozilla/5.0 (compatible; YandexBot/3.0; +http://yandex.com/bots)"
40.77.167.19 - - [12/Sep/2020:08:20:04 +0200] "GET /js/components/img/upload/vilcarinox.it/img_7426_600x450.jpg HTTP/1.1" 404 257 "-" "Mozilla/5.0 (compatible; bingbot/2.0; +http://www.bing.com/bingbot.htm)"
95.163.255.33 - - [12/Sep/2020:09:18:04 +0200] "GET /robots.txt HTTP/1.0" 404 208 "-" "Mozilla/5.0 (compatible; Linux x86_64; Mail.RU_Bot/2.0; +http://go.mail.ru/help/robots)"
95.163.255.39 - - [12/Sep/2020:09:18:05 +0200] "GET /js/components/img/upload/vilcarinox.it/1%20(217).jpg HTTP/1.1" 404 248 "-" "Mozilla/5.0 (compatible; Linux x86_64; Mail.RU_Bot/2.0; +http://go.mail.ru/help/robots)"
178.154.200.171 - - [12/Sep/2020:10:28:54 +0200] "GET /robots.txt HTTP/1.1" 404 208 "-" "Mozilla/5.0 (compatible; YandexBot/3.0; +http://yandex.com/bots)"
178.154.200.171 - - [12/Sep/2020:10:28:58 +0200] "GET / HTTP/1.1" 200 5069 "-" "Mozilla/5.0 (compatible; YandexBot/3.0; +http://yandex.com/bots)"
54.36.148.109 - - [12/Sep/2020:15:33:40 +0200] "GET /robots.txt HTTP/1.1" 404 208 "-" "Mozilla/5.0 (compatible; AhrefsBot/6.1; +http://ahrefs.com/robot/)"
54.36.149.48 - - [12/Sep/2020:15:33:41 +0200] "GET / HTTP/1.1" 200 5069 "-" "Mozilla/5.0 (compatible; AhrefsBot/7.0; +http://ahrefs.com/robot/)"
66.249.64.214 - - [12/Sep/2020:15:58:03 +0200] "GET /robots.txt HTTP/1.1" 404 208 "-" "Mozilla/5.0 (compatible; Googlebot/2.1; +http://www.google.com/bot.html)"
66.249.64.216 - - [12/Sep/2020:15:58:07 +0200] "GET / HTTP/1.1" 200 5069 "-" "Mozilla/5.0 (Linux; Android 6.0.1; Nexus 5X Build/MMB29P) AppleWebKit/537.36 (KHTML, like Gecko) Chrome/80.0.3987.92 Mobile Safari/537.36 (compatible; Googlebot/2.1; +http://www.google.com/bot.html)"
51.68.223.6 - - [12/Sep/2020:16:30:45 +0200] "GET / HTTP/1.1" 200 5069 "-" "-"
54.154.128.110 - - [12/Sep/2020:17:02:50 +0200] "GET /robots.txt HTTP/1.0" 404 208 "-" "IDG/IT (http://spaziodati.eu/)"
54.154.128.110 - - [12/Sep/2020:17:02:50 +0200] "GET /index.html HTTP/1.0" 200 5069 "-" "IDG/IT (http://spaziodati.eu/)"
34.221.178.112 - - [12/Sep/2020:18:25:10 +0200] "GET / HTTP/1.1" 200 5069 "-" "Mozilla/5.0 (Windows NT 10.0; Win64; x64)AppleWebKit/537.36 (KHTML, like Gecko) Chrome/66.0.3359.181 Safari/537.36"
