文件操作 - budget-accounting.com.log-20221221
返回文件管理
返回主菜单
删除本文件
文件: /usr/local/apache-c/domlogs/budget-accounting.com.log-20221221
编辑文件内容
34.220.176.104 - - [21/Jul/2020:19:50:54 +0200] "GET / HTTP/1.1" 200 5069 "-" "Mozilla/5.0 (Windows NT 10.0; Win64; x64)AppleWebKit/537.36 (KHTML, like Gecko) Chrome/66.0.3359.181 Safari/537.36"
171.13.14.83 - - [21/Jul/2020:20:26:18 +0200] "GET / HTTP/1.1" 200 5069 "-" "Mozilla/5.0 (Linux; Android 8.0; Pixel 2 Build/OPD3.170816.012) AppleWebKit/537.36 (KHTML, like Gecko) Chrome/75.0.3765.0 Mobile Safari/537.36"
151.46.75.158 - - [21/Jul/2020:20:30:03 +0200] "GET /js/components/img/upload/vilcarinox.it/25%20(2).jpg HTTP/1.1" 404 247 "-" "Mozilla/5.0 (Windows NT 10.0; WOW64; Trident/7.0; rv:11.0) like Gecko"
134.96.225.55 - - [21/Jul/2020:20:32:51 +0200] "GET /.git/config HTTP/1.1" 404 209 "-" "CISPA Webcrawler (https://vuln-notify-checker.cispa.saarland)"
80.181.72.99 - - [21/Jul/2020:22:48:13 +0200] "GET /js/components/img/upload/ecrecer/immagine1.jpg HTTP/1.1" 404 244 "http://www.vilcarinox.it/normative.asp" "Mozilla/5.0 (Windows NT 6.3; Win64; x64) AppleWebKit/537.36 (KHTML, like Gecko) Chrome/84.0.4147.89 Safari/537.36"
80.181.72.99 - - [21/Jul/2020:22:48:13 +0200] "GET /js/components/img/upload/ecrecer/immagine2.jpg HTTP/1.1" 404 244 "http://www.vilcarinox.it/normative.asp" "Mozilla/5.0 (Windows NT 6.3; Win64; x64) AppleWebKit/537.36 (KHTML, like Gecko) Chrome/84.0.4147.89 Safari/537.36"
80.181.72.99 - - [21/Jul/2020:22:48:13 +0200] "GET /js/components/img/upload/ecrecer/quotesbocco02.jpg HTTP/1.1" 404 248 "http://www.vilcarinox.it/normative.asp" "Mozilla/5.0 (Windows NT 6.3; Win64; x64) AppleWebKit/537.36 (KHTML, like Gecko) Chrome/84.0.4147.89 Safari/537.36"
80.181.72.99 - - [21/Jul/2020:22:48:13 +0200] "GET /js/components/img/upload/ecrecer/quotesbocco01.jpg HTTP/1.1" 404 248 "http://www.vilcarinox.it/normative.asp" "Mozilla/5.0 (Windows NT 6.3; Win64; x64) AppleWebKit/537.36 (KHTML, like Gecko) Chrome/84.0.4147.89 Safari/537.36"
80.181.72.99 - - [21/Jul/2020:22:48:13 +0200] "GET /js/components/img/upload/ecrecer/quotesbocco03.jpg HTTP/1.1" 404 248 "http://www.vilcarinox.it/normative.asp" "Mozilla/5.0 (Windows NT 6.3; Win64; x64) AppleWebKit/537.36 (KHTML, like Gecko) Chrome/84.0.4147.89 Safari/537.36"
80.181.72.99 - - [21/Jul/2020:22:48:13 +0200] "GET /js/components/img/upload/ecrecer/quotesbocco04.jpg HTTP/1.1" 404 248 "http://www.vilcarinox.it/normative.asp" "Mozilla/5.0 (Windows NT 6.3; Win64; x64) AppleWebKit/537.36 (KHTML, like Gecko) Chrome/84.0.4147.89 Safari/537.36"
80.181.72.99 - - [21/Jul/2020:22:48:13 +0200] "GET /js/components/img/upload/ecrecer/comignolilegge615.gif HTTP/1.1" 404 252 "http://www.vilcarinox.it/normative.asp" "Mozilla/5.0 (Windows NT 6.3; Win64; x64) AppleWebKit/537.36 (KHTML, like Gecko) Chrome/84.0.4147.89 Safari/537.36"
54.36.148.209 - - [22/Jul/2020:03:34:50 +0200] "GET /robots.txt HTTP/1.1" 404 208 "-" "Mozilla/5.0 (compatible; AhrefsBot/6.1; +http://ahrefs.com/robot/)"
54.36.148.14 - - [22/Jul/2020:03:34:51 +0200] "GET / HTTP/1.1" 200 5069 "-" "Mozilla/5.0 (compatible; AhrefsBot/6.1; +http://ahrefs.com/robot/)"
2.217.97.9 - - [22/Jul/2020:07:28:33 +0200] "GET / HTTP/1.1" 200 5069 "-" "Mozilla/5.0 (Windows NT 6.1; Win64; x64) AppleWebKit/537.36 (KHTML, like Gecko) Chrome/83.0.4103.116 Safari/537.36"
2.217.97.9 - - [22/Jul/2020:07:28:34 +0200] "GET /favicon.ico HTTP/1.1" 404 209 "http://www.budget-accounting.com/" "Mozilla/5.0 (Windows NT 6.1; Win64; x64) AppleWebKit/537.36 (KHTML, like Gecko) Chrome/83.0.4103.116 Safari/537.36"
54.200.207.93 - - [22/Jul/2020:07:34:43 +0200] "GET / HTTP/1.1" 200 5069 "-" "Mozilla/5.0 (Windows NT 10.0; Win64; x64)AppleWebKit/537.36 (KHTML, like Gecko) Chrome/66.0.3359.181 Safari/537.36"
74.125.208.1 - - [22/Jul/2020:08:40:08 +0200] "GET /js/components/img/upload/ecrecer/comignolilegge615.gif HTTP/1.1" 404 252 "-" "Mozilla/5.0 (Windows NT 5.1; rv:11.0) Gecko Firefox/11.0 (via ggpht.com GoogleImageProxy)"
77.75.77.119 - - [22/Jul/2020:10:44:04 +0200] "GET /robots.txt HTTP/1.1" 404 208 "-" "Mozilla/5.0 (compatible; SeznamBot/3.2; +http://napoveda.seznam.cz/en/seznambot-intro/)"
77.75.77.119 - - [22/Jul/2020:10:44:04 +0200] "GET /js/components/img/upload/ecrecer/comignolilegge615.gif HTTP/1.1" 404 252 "-" "Mozilla/5.0 (compatible; SeznamBot/3.2; +http://napoveda.seznam.cz/en/seznambot-intro/)"
79.11.178.187 - - [22/Jul/2020:11:59:17 +0200] "GET /js/components/img/upload/vilcarinox.it/immagine6.jpg HTTP/1.1" 404 250 "http://www.vilcarinox.it/prodotti-industriali.asp" "Mozilla/5.0 (Windows NT 10.0; Win64; x64) AppleWebKit/537.36 (KHTML, like Gecko) Chrome/84.0.4147.89 Safari/537.36"
79.11.178.187 - - [22/Jul/2020:11:59:17 +0200] "GET /js/components/img/upload/vilcarinox.it/immagine2.jpg HTTP/1.1" 404 250 "http://www.vilcarinox.it/prodotti-industriali.asp" "Mozilla/5.0 (Windows NT 10.0; Win64; x64) AppleWebKit/537.36 (KHTML, like Gecko) Chrome/84.0.4147.89 Safari/537.36"
79.11.178.187 - - [22/Jul/2020:11:59:17 +0200] "GET /js/components/img/upload/vilcarinox.it/immagine5.jpg HTTP/1.1" 404 250 "http://www.vilcarinox.it/prodotti-industriali.asp" "Mozilla/5.0 (Windows NT 10.0; Win64; x64) AppleWebKit/537.36 (KHTML, like Gecko) Chrome/84.0.4147.89 Safari/537.36"
79.11.178.187 - - [22/Jul/2020:11:59:17 +0200] "GET /js/components/img/upload/vilcarinox.it/immagine4.jpg HTTP/1.1" 404 250 "http://www.vilcarinox.it/prodotti-industriali.asp" "Mozilla/5.0 (Windows NT 10.0; Win64; x64) AppleWebKit/537.36 (KHTML, like Gecko) Chrome/84.0.4147.89 Safari/537.36"
79.11.178.187 - - [22/Jul/2020:11:59:17 +0200] "GET /js/components/img/upload/vilcarinox.it/immagine3.jpg HTTP/1.1" 404 250 "http://www.vilcarinox.it/prodotti-industriali.asp" "Mozilla/5.0 (Windows NT 10.0; Win64; x64) AppleWebKit/537.36 (KHTML, like Gecko) Chrome/84.0.4147.89 Safari/537.36"
79.11.178.187 - - [22/Jul/2020:11:59:17 +0200] "GET /js/components/img/upload/vilcarinox.it/1%20(217).jpg HTTP/1.1" 404 248 "http://www.vilcarinox.it/prodotti-industriali.asp" "Mozilla/5.0 (Windows NT 10.0; Win64; x64) AppleWebKit/537.36 (KHTML, like Gecko) Chrome/84.0.4147.89 Safari/537.36"
79.11.178.187 - - [22/Jul/2020:11:59:17 +0200] "GET /js/components/img/upload/vilcarinox.it/1%20(231).jpg HTTP/1.1" 404 248 "http://www.vilcarinox.it/prodotti-industriali.asp" "Mozilla/5.0 (Windows NT 10.0; Win64; x64) AppleWebKit/537.36 (KHTML, like Gecko) Chrome/84.0.4147.89 Safari/537.36"
79.11.178.187 - - [22/Jul/2020:11:59:17 +0200] "GET /js/components/img/upload/vilcarinox.it/1%20(147).jpg HTTP/1.1" 404 248 "http://www.vilcarinox.it/prodotti-industriali.asp" "Mozilla/5.0 (Windows NT 10.0; Win64; x64) AppleWebKit/537.36 (KHTML, like Gecko) Chrome/84.0.4147.89 Safari/537.36"
79.11.178.187 - - [22/Jul/2020:11:59:17 +0200] "GET /js/components/img/upload/vilcarinox.it/1%20(33).jpg HTTP/1.1" 404 247 "http://www.vilcarinox.it/prodotti-industriali.asp" "Mozilla/5.0 (Windows NT 10.0; Win64; x64) AppleWebKit/537.36 (KHTML, like Gecko) Chrome/84.0.4147.89 Safari/537.36"
79.11.178.187 - - [22/Jul/2020:11:59:17 +0200] "GET /js/components/img/upload/ecrecer/1%20(96).jpg HTTP/1.1" 404 241 "http://www.vilcarinox.it/prodotti-industriali.asp" "Mozilla/5.0 (Windows NT 10.0; Win64; x64) AppleWebKit/537.36 (KHTML, like Gecko) Chrome/84.0.4147.89 Safari/537.36"
79.11.178.187 - - [22/Jul/2020:11:59:17 +0200] "GET /js/components/img/upload/ecrecer/1%20(19).jpg HTTP/1.1" 404 241 "http://www.vilcarinox.it/prodotti-industriali.asp" "Mozilla/5.0 (Windows NT 10.0; Win64; x64) AppleWebKit/537.36 (KHTML, like Gecko) Chrome/84.0.4147.89 Safari/537.36"
79.11.178.187 - - [22/Jul/2020:11:59:17 +0200] "GET /js/components/img/upload/vilcarinox.it/copia%20di%201%20(120).jpg HTTP/1.1" 404 257 "http://www.vilcarinox.it/prodotti-industriali.asp" "Mozilla/5.0 (Windows NT 10.0; Win64; x64) AppleWebKit/537.36 (KHTML, like Gecko) Chrome/84.0.4147.89 Safari/537.36"
79.11.178.187 - - [22/Jul/2020:11:59:17 +0200] "GET /js/components/img/upload/ecrecer/1%20(83).jpg HTTP/1.1" 404 241 "http://www.vilcarinox.it/prodotti-industriali.asp" "Mozilla/5.0 (Windows NT 10.0; Win64; x64) AppleWebKit/537.36 (KHTML, like Gecko) Chrome/84.0.4147.89 Safari/537.36"
79.11.178.187 - - [22/Jul/2020:11:59:17 +0200] "GET /js/components/img/upload/vilcarinox.it/1%20(317).jpg HTTP/1.1" 404 248 "http://www.vilcarinox.it/prodotti-industriali.asp" "Mozilla/5.0 (Windows NT 10.0; Win64; x64) AppleWebKit/537.36 (KHTML, like Gecko) Chrome/84.0.4147.89 Safari/537.36"
79.11.178.187 - - [22/Jul/2020:11:59:53 +0200] "GET /js/components/img/upload/ecrecer/img_0007%20(fileminimizer).jpg HTTP/1.1" 404 259 "http://www.vilcarinox.it/lavori-eseguiti.asp" "Mozilla/5.0 (Windows NT 10.0; Win64; x64) AppleWebKit/537.36 (KHTML, like Gecko) Chrome/84.0.4147.89 Safari/537.36"
79.11.178.187 - - [22/Jul/2020:11:59:53 +0200] "GET /js/components/img/upload/ecrecer/img_0027%20(fileminimizer).jpg HTTP/1.1" 404 259 "http://www.vilcarinox.it/lavori-eseguiti.asp" "Mozilla/5.0 (Windows NT 10.0; Win64; x64) AppleWebKit/537.36 (KHTML, like Gecko) Chrome/84.0.4147.89 Safari/537.36"
79.11.178.187 - - [22/Jul/2020:11:59:53 +0200] "GET /js/components/img/upload/ecrecer/img_0009%20(fileminimizer).jpg HTTP/1.1" 404 259 "http://www.vilcarinox.it/lavori-eseguiti.asp" "Mozilla/5.0 (Windows NT 10.0; Win64; x64) AppleWebKit/537.36 (KHTML, like Gecko) Chrome/84.0.4147.89 Safari/537.36"
79.11.178.187 - - [22/Jul/2020:11:59:53 +0200] "GET /js/components/img/upload/ecrecer/1%20(173).jpg HTTP/1.1" 404 242 "http://www.vilcarinox.it/lavori-eseguiti.asp" "Mozilla/5.0 (Windows NT 10.0; Win64; x64) AppleWebKit/537.36 (KHTML, like Gecko) Chrome/84.0.4147.89 Safari/537.36"
79.11.178.187 - - [22/Jul/2020:11:59:53 +0200] "GET /js/components/img/upload/ecrecer/1%20(80).jpg HTTP/1.1" 404 241 "http://www.vilcarinox.it/lavori-eseguiti.asp" "Mozilla/5.0 (Windows NT 10.0; Win64; x64) AppleWebKit/537.36 (KHTML, like Gecko) Chrome/84.0.4147.89 Safari/537.36"
79.11.178.187 - - [22/Jul/2020:11:59:53 +0200] "GET /js/components/img/upload/ecrecer/1%20(101).jpg HTTP/1.1" 404 242 "http://www.vilcarinox.it/lavori-eseguiti.asp" "Mozilla/5.0 (Windows NT 10.0; Win64; x64) AppleWebKit/537.36 (KHTML, like Gecko) Chrome/84.0.4147.89 Safari/537.36"
79.11.178.187 - - [22/Jul/2020:11:59:53 +0200] "GET /js/components/img/upload/ecrecer/1%20(217).jpg HTTP/1.1" 404 242 "http://www.vilcarinox.it/lavori-eseguiti.asp" "Mozilla/5.0 (Windows NT 10.0; Win64; x64) AppleWebKit/537.36 (KHTML, like Gecko) Chrome/84.0.4147.89 Safari/537.36"
79.11.178.187 - - [22/Jul/2020:11:59:53 +0200] "GET /js/components/img/upload/ecrecer/1%20(231).jpg HTTP/1.1" 404 242 "http://www.vilcarinox.it/lavori-eseguiti.asp" "Mozilla/5.0 (Windows NT 10.0; Win64; x64) AppleWebKit/537.36 (KHTML, like Gecko) Chrome/84.0.4147.89 Safari/537.36"
79.11.178.187 - - [22/Jul/2020:11:59:53 +0200] "GET /js/components/img/upload/ecrecer/1%20(147).jpg HTTP/1.1" 404 242 "http://www.vilcarinox.it/lavori-eseguiti.asp" "Mozilla/5.0 (Windows NT 10.0; Win64; x64) AppleWebKit/537.36 (KHTML, like Gecko) Chrome/84.0.4147.89 Safari/537.36"
79.11.178.187 - - [22/Jul/2020:11:59:53 +0200] "GET /js/components/img/upload/ecrecer/1%20(2).jpg HTTP/1.1" 404 240 "http://www.vilcarinox.it/lavori-eseguiti.asp" "Mozilla/5.0 (Windows NT 10.0; Win64; x64) AppleWebKit/537.36 (KHTML, like Gecko) Chrome/84.0.4147.89 Safari/537.36"
79.11.178.187 - - [22/Jul/2020:11:59:53 +0200] "GET /js/components/img/upload/ecrecer/1%20(245).jpg HTTP/1.1" 404 242 "http://www.vilcarinox.it/lavori-eseguiti.asp" "Mozilla/5.0 (Windows NT 10.0; Win64; x64) AppleWebKit/537.36 (KHTML, like Gecko) Chrome/84.0.4147.89 Safari/537.36"
79.11.178.187 - - [22/Jul/2020:11:59:53 +0200] "GET /js/components/img/upload/ecrecer/1%20(317).jpg HTTP/1.1" 404 242 "http://www.vilcarinox.it/lavori-eseguiti.asp" "Mozilla/5.0 (Windows NT 10.0; Win64; x64) AppleWebKit/537.36 (KHTML, like Gecko) Chrome/84.0.4147.89 Safari/537.36"
79.11.178.187 - - [22/Jul/2020:11:59:53 +0200] "GET /js/components/img/upload/ecrecer/1%20(319).jpg HTTP/1.1" 404 242 "http://www.vilcarinox.it/lavori-eseguiti.asp" "Mozilla/5.0 (Windows NT 10.0; Win64; x64) AppleWebKit/537.36 (KHTML, like Gecko) Chrome/84.0.4147.89 Safari/537.36"
79.11.178.187 - - [22/Jul/2020:11:59:53 +0200] "GET /js/components/img/upload/ecrecer/copia%20di%201%20(120).jpg HTTP/1.1" 404 251 "http://www.vilcarinox.it/lavori-eseguiti.asp" "Mozilla/5.0 (Windows NT 10.0; Win64; x64) AppleWebKit/537.36 (KHTML, like Gecko) Chrome/84.0.4147.89 Safari/537.36"
79.11.178.187 - - [22/Jul/2020:11:59:53 +0200] "GET /js/components/img/upload/ecrecer/1%20(320).jpg HTTP/1.1" 404 242 "http://www.vilcarinox.it/lavori-eseguiti.asp" "Mozilla/5.0 (Windows NT 10.0; Win64; x64) AppleWebKit/537.36 (KHTML, like Gecko) Chrome/84.0.4147.89 Safari/537.36"
79.11.178.187 - - [22/Jul/2020:11:59:53 +0200] "GET /js/components/img/upload/ecrecer/1%20(209).jpg HTTP/1.1" 404 242 "http://www.vilcarinox.it/lavori-eseguiti.asp" "Mozilla/5.0 (Windows NT 10.0; Win64; x64) AppleWebKit/537.36 (KHTML, like Gecko) Chrome/84.0.4147.89 Safari/537.36"
79.11.178.187 - - [22/Jul/2020:12:00:07 +0200] "GET /js/components/img/upload/ecrecer/08%20(1).jpg HTTP/1.1" 404 241 "http://www.vilcarinox.it/prodotti-civili.asp?tipo=canne%20fumarie%20singole%20per%20centrali%20termiche" "Mozilla/5.0 (Windows NT 10.0; Win64; x64) AppleWebKit/537.36 (KHTML, like Gecko) Chrome/84.0.4147.89 Safari/537.36"
79.11.178.187 - - [22/Jul/2020:12:00:07 +0200] "GET /js/components/img/upload/ecrecer/1%20(98).jpg HTTP/1.1" 404 241 "http://www.vilcarinox.it/prodotti-civili.asp?tipo=canne%20fumarie%20singole%20per%20centrali%20termiche" "Mozilla/5.0 (Windows NT 10.0; Win64; x64) AppleWebKit/537.36 (KHTML, like Gecko) Chrome/84.0.4147.89 Safari/537.36"
79.11.178.187 - - [22/Jul/2020:12:00:08 +0200] "GET /js/components/img/upload/vilcarinox.it/dscn0325%20(fileminimizer).jpg HTTP/1.1" 404 265 "http://www.vilcarinox.it/prodotti-civili.asp?tipo=canne%20fumarie%20singole%20per%20centrali%20termiche" "Mozilla/5.0 (Windows NT 10.0; Win64; x64) AppleWebKit/537.36 (KHTML, like Gecko) Chrome/84.0.4147.89 Safari/537.36"
79.11.178.187 - - [22/Jul/2020:12:00:08 +0200] "GET /js/components/img/upload/vilcarinox.it/im001451%20(fileminimizer).jpg HTTP/1.1" 404 265 "http://www.vilcarinox.it/prodotti-civili.asp?tipo=canne%20fumarie%20singole%20per%20centrali%20termiche" "Mozilla/5.0 (Windows NT 10.0; Win64; x64) AppleWebKit/537.36 (KHTML, like Gecko) Chrome/84.0.4147.89 Safari/537.36"
79.11.178.187 - - [22/Jul/2020:12:00:14 +0200] "GET /js/components/img/upload/vilcarinox.it/14.jpg HTTP/1.1" 404 243 "http://www.vilcarinox.it/prodotti-civili.asp?tipo=canne%20fumarie%20collettive" "Mozilla/5.0 (Windows NT 10.0; Win64; x64) AppleWebKit/537.36 (KHTML, like Gecko) Chrome/84.0.4147.89 Safari/537.36"
79.11.178.187 - - [22/Jul/2020:12:00:14 +0200] "GET /js/components/img/upload/vilcarinox.it/13.jpg HTTP/1.1" 404 243 "http://www.vilcarinox.it/prodotti-civili.asp?tipo=canne%20fumarie%20collettive" "Mozilla/5.0 (Windows NT 10.0; Win64; x64) AppleWebKit/537.36 (KHTML, like Gecko) Chrome/84.0.4147.89 Safari/537.36"
79.11.178.187 - - [22/Jul/2020:12:00:14 +0200] "GET /js/components/img/upload/vilcarinox.it/img_0016%20(fileminimizer).jpg HTTP/1.1" 404 265 "http://www.vilcarinox.it/prodotti-civili.asp?tipo=canne%20fumarie%20collettive" "Mozilla/5.0 (Windows NT 10.0; Win64; x64) AppleWebKit/537.36 (KHTML, like Gecko) Chrome/84.0.4147.89 Safari/537.36"
79.11.178.187 - - [22/Jul/2020:12:00:14 +0200] "GET /js/components/img/upload/vilcarinox.it/img_0012%20(fileminimizer).jpg HTTP/1.1" 404 265 "http://www.vilcarinox.it/prodotti-civili.asp?tipo=canne%20fumarie%20collettive" "Mozilla/5.0 (Windows NT 10.0; Win64; x64) AppleWebKit/537.36 (KHTML, like Gecko) Chrome/84.0.4147.89 Safari/537.36"
79.11.178.187 - - [22/Jul/2020:12:00:14 +0200] "GET /js/components/img/upload/vilcarinox.it/img_0014%20(fileminimizer).jpg HTTP/1.1" 404 265 "http://www.vilcarinox.it/prodotti-civili.asp?tipo=canne%20fumarie%20collettive" "Mozilla/5.0 (Windows NT 10.0; Win64; x64) AppleWebKit/537.36 (KHTML, like Gecko) Chrome/84.0.4147.89 Safari/537.36"
40.77.167.151 - - [22/Jul/2020:12:22:46 +0200] "GET /js/components/img/upload/vilcarinox.it/cappe-di-aspirazione-02.jpg HTTP/1.1" 404 264 "-" "Mozilla/5.0 (compatible; bingbot/2.0; +http://www.bing.com/bingbot.htm)"
74.125.208.30 - - [22/Jul/2020:13:35:28 +0200] "GET /js/components/img/upload/vilcarinox.it/img_0016%20(fileminimizer).jpg HTTP/1.1" 404 265 "-" "Mozilla/5.0 (Windows NT 5.1; rv:11.0) Gecko Firefox/11.0 (via ggpht.com GoogleImageProxy)"
74.125.208.1 - - [22/Jul/2020:13:35:43 +0200] "GET /js/components/img/upload/vilcarinox.it/img_0016%20(fileminimizer).jpg HTTP/1.1" 404 265 "-" "Mozilla/5.0 (Windows NT 5.1; rv:11.0) Gecko Firefox/11.0 (via ggpht.com GoogleImageProxy)"
144.168.162.250 - - [22/Jul/2020:13:37:53 +0200] "GET / HTTP/1.1" 200 5069 "-" "Mozilla/5.0 (Windows NT 6.1; WOW64) AppleWebKit/537.36 (KHTML, like Gecko) Chrome/34.0.1847.131 Safari/537.36"
66.249.70.4 - - [22/Jul/2020:14:26:30 +0200] "GET /robots.txt HTTP/1.1" 404 208 "-" "Mozilla/5.0 (compatible; Googlebot/2.1; +http://www.google.com/bot.html)"
66.249.70.4 - - [22/Jul/2020:14:26:30 +0200] "GET / HTTP/1.1" 200 5069 "-" "Mozilla/5.0 (compatible; Googlebot/2.1; +http://www.google.com/bot.html)"
74.125.208.1 - - [22/Jul/2020:15:41:08 +0200] "GET /js/components/img/upload/ecrecer/quotesbocco02.jpg HTTP/1.1" 404 248 "-" "Mozilla/5.0 (Windows NT 5.1; rv:11.0) Gecko Firefox/11.0 (via ggpht.com GoogleImageProxy)"
74.125.208.4 - - [22/Jul/2020:15:59:13 +0200] "GET /js/components/img/upload/vilcarinox.it/25%20(2).jpg HTTP/1.1" 404 247 "-" "Mozilla/5.0 (Windows NT 5.1; rv:11.0) Gecko Firefox/11.0 (via ggpht.com GoogleImageProxy)"
82.59.51.10 - - [22/Jul/2020:16:20:46 +0200] "GET /js/components/img/upload/vilcarinox.it/page0011.jpg HTTP/1.1" 404 249 "https://www.bing.com/" "Mozilla/5.0 (Windows NT 10.0; Win64; x64) AppleWebKit/537.36 (KHTML, like Gecko) Chrome/84.0.4147.89 Safari/537.36"
74.125.208.1 - - [22/Jul/2020:16:27:04 +0200] "GET /js/components/img/upload/ecrecer/quotesbocco03.jpg HTTP/1.1" 404 248 "-" "Mozilla/5.0 (Windows NT 5.1; rv:11.0) Gecko Firefox/11.0 (via ggpht.com GoogleImageProxy)"
74.125.208.30 - - [22/Jul/2020:16:27:26 +0200] "GET /js/components/img/upload/ecrecer/quotesbocco03.jpg HTTP/1.1" 404 248 "-" "Mozilla/5.0 (Windows NT 5.1; rv:11.0) Gecko Firefox/11.0 (via ggpht.com GoogleImageProxy)"
74.125.208.1 - - [22/Jul/2020:16:27:29 +0200] "GET /js/components/img/upload/ecrecer/quotesbocco03.jpg HTTP/1.1" 404 248 "-" "Mozilla/5.0 (Windows NT 5.1; rv:11.0) Gecko Firefox/11.0 (via ggpht.com GoogleImageProxy)"
93.56.26.194 - - [22/Jul/2020:18:40:35 +0200] "GET /js/components/img/upload/ecrecer/immagine1.jpg HTTP/1.1" 404 244 "http://www.vilcarinox.it/normative.asp" "Mozilla/5.0 (Windows NT 10.0; Win64; x64) AppleWebKit/537.36 (KHTML, like Gecko) Chrome/84.0.4147.89 Safari/537.36"
93.56.26.194 - - [22/Jul/2020:18:40:35 +0200] "GET /js/components/img/upload/ecrecer/immagine2.jpg HTTP/1.1" 404 244 "http://www.vilcarinox.it/normative.asp" "Mozilla/5.0 (Windows NT 10.0; Win64; x64) AppleWebKit/537.36 (KHTML, like Gecko) Chrome/84.0.4147.89 Safari/537.36"
93.56.26.194 - - [22/Jul/2020:18:40:35 +0200] "GET /js/components/img/upload/ecrecer/quotesbocco02.jpg HTTP/1.1" 404 248 "http://www.vilcarinox.it/normative.asp" "Mozilla/5.0 (Windows NT 10.0; Win64; x64) AppleWebKit/537.36 (KHTML, like Gecko) Chrome/84.0.4147.89 Safari/537.36"
93.56.26.194 - - [22/Jul/2020:18:40:35 +0200] "GET /js/components/img/upload/ecrecer/quotesbocco03.jpg HTTP/1.1" 404 248 "http://www.vilcarinox.it/normative.asp" "Mozilla/5.0 (Windows NT 10.0; Win64; x64) AppleWebKit/537.36 (KHTML, like Gecko) Chrome/84.0.4147.89 Safari/537.36"
93.56.26.194 - - [22/Jul/2020:18:40:35 +0200] "GET /js/components/img/upload/ecrecer/quotesbocco04.jpg HTTP/1.1" 404 248 "http://www.vilcarinox.it/normative.asp" "Mozilla/5.0 (Windows NT 10.0; Win64; x64) AppleWebKit/537.36 (KHTML, like Gecko) Chrome/84.0.4147.89 Safari/537.36"
93.56.26.194 - - [22/Jul/2020:18:40:35 +0200] "GET /js/components/img/upload/ecrecer/quotesbocco01.jpg HTTP/1.1" 404 248 "http://www.vilcarinox.it/normative.asp" "Mozilla/5.0 (Windows NT 10.0; Win64; x64) AppleWebKit/537.36 (KHTML, like Gecko) Chrome/84.0.4147.89 Safari/537.36"
93.56.26.194 - - [22/Jul/2020:18:40:35 +0200] "GET /js/components/img/upload/ecrecer/comignolilegge615.gif HTTP/1.1" 404 252 "http://www.vilcarinox.it/normative.asp" "Mozilla/5.0 (Windows NT 10.0; Win64; x64) AppleWebKit/537.36 (KHTML, like Gecko) Chrome/84.0.4147.89 Safari/537.36"
54.200.136.252 - - [22/Jul/2020:18:51:13 +0200] "GET / HTTP/1.1" 200 5069 "-" "Mozilla/5.0 (Windows NT 10.0; Win64; x64)AppleWebKit/537.36 (KHTML, like Gecko) Chrome/66.0.3359.181 Safari/537.36"
54.36.149.58 - - [22/Jul/2020:19:29:36 +0200] "GET / HTTP/1.1" 200 5069 "-" "Mozilla/5.0 (compatible; AhrefsBot/6.1; +http://ahrefs.com/robot/)"
207.46.13.0 - - [22/Jul/2020:22:56:14 +0200] "GET /js/components/img/upload/ecrecer/1%20(231).jpg HTTP/1.1" 404 242 "-" "Mozilla/5.0 (compatible; bingbot/2.0; +http://www.bing.com/bingbot.htm)"
66.249.70.4 - - [22/Jul/2020:23:57:20 +0200] "GET / HTTP/1.1" 200 5069 "-" "Mozilla/5.0 (Linux; Android 6.0.1; Nexus 5X Build/MMB29P) AppleWebKit/537.36 (KHTML, like Gecko) Chrome/80.0.3987.92 Mobile Safari/537.36 (compatible; Googlebot/2.1; +http://www.google.com/bot.html)"
157.55.39.20 - - [23/Jul/2020:02:39:19 +0200] "GET /robots.txt HTTP/1.1" 404 208 "-" "Mozilla/5.0 (compatible; bingbot/2.0; +http://www.bing.com/bingbot.htm)"
207.46.13.0 - - [23/Jul/2020:02:39:39 +0200] "GET /js/components/img/upload/ecrecer/rullatrici%20(fileminimizer).jpg HTTP/1.1" 404 261 "-" "Mozilla/5.0 (compatible; bingbot/2.0; +http://www.bing.com/bingbot.htm)"
210.86.162.104 - - [23/Jul/2020:03:27:23 +0200] "GET / HTTP/1.1" 200 5069 "-" "Mozilla/5.0 (Windows NT 10.0; Win64; x64) AppleWebKit/537.36 (KHTML, like Gecko) Chrome/77.0.3865.90 Safari/537.36"
54.36.148.206 - - [23/Jul/2020:03:52:25 +0200] "GET /robots.txt HTTP/1.1" 404 208 "-" "Mozilla/5.0 (compatible; AhrefsBot/6.1; +http://ahrefs.com/robot/)"
54.36.148.14 - - [23/Jul/2020:03:52:25 +0200] "GET / HTTP/1.1" 200 5069 "-" "Mozilla/5.0 (compatible; AhrefsBot/6.1; +http://ahrefs.com/robot/)"
157.55.39.199 - - [23/Jul/2020:05:47:54 +0200] "GET /js/components/img/upload/ecrecer/1%20(80).jpg HTTP/1.1" 404 241 "-" "Mozilla/5.0 (compatible; bingbot/2.0; +http://www.bing.com/bingbot.htm)"
74.125.208.30 - - [23/Jul/2020:06:39:04 +0200] "GET /js/components/img/upload/vilcarinox.it/25%20(2).jpg HTTP/1.1" 404 247 "-" "Mozilla/5.0 (Windows NT 5.1; rv:11.0) Gecko Firefox/11.0 (via ggpht.com GoogleImageProxy)"
192.71.30.89 - - [23/Jul/2020:06:42:54 +0200] "GET /robots.txt HTTP/1.1" 404 208 "-" "Go-http-client/1.1"
192.36.52.37 - - [23/Jul/2020:06:42:54 +0200] "GET /humans.txt HTTP/1.1" 404 208 "-" "Go-http-client/1.1"
192.71.225.127 - - [23/Jul/2020:06:42:54 +0200] "GET /ads.txt HTTP/1.1" 404 205 "-" "Go-http-client/1.1"
192.36.71.133 - - [23/Jul/2020:06:42:54 +0200] "GET / HTTP/1.1" 200 5069 "-" "Go-http-client/1.1"
18.156.199.196 - - [23/Jul/2020:07:36:38 +0200] "GET / HTTP/1.1" 200 5069 "-" "-"
40.77.167.151 - - [23/Jul/2020:07:38:15 +0200] "GET /js/components/img/upload/ecrecer/furgoni%20(fileminimizer).jpg HTTP/1.1" 404 258 "-" "Mozilla/5.0 (compatible; bingbot/2.0; +http://www.bing.com/bingbot.htm)"
146.241.128.103 - - [23/Jul/2020:08:17:19 +0200] "GET /js/components/img/upload/vilcarinox.it/13.jpg HTTP/1.1" 404 243 "https://www.bing.com/" "Mozilla/5.0 (Windows NT 10.0; Win64; x64) AppleWebKit/537.36 (KHTML, like Gecko) Chrome/84.0.4147.89 Safari/537.36 Edg/84.0.522.40"
74.125.208.1 - - [23/Jul/2020:08:27:24 +0200] "GET /js/components/img/upload/vilcarinox.it/cappe-di-aspirazione-02.jpg HTTP/1.1" 404 264 "-" "Mozilla/5.0 (Windows NT 5.1; rv:11.0) Gecko Firefox/11.0 (via ggpht.com GoogleImageProxy)"
5.90.70.68 - - [23/Jul/2020:08:27:36 +0200] "GET /js/components/img/upload/vilcarinox.it/20081006163433-canne.jpg HTTP/1.1" 404 261 "http://www.vilcarinox.it/" "Mozilla/5.0 (iPhone; CPU iPhone OS 13_3_1 like Mac OS X) AppleWebKit/605.1.15 (KHTML, like Gecko) Version/13.0.5 Mobile/15E148 Safari/604.1"
5.90.70.68 - - [23/Jul/2020:08:27:36 +0200] "GET /js/components/img/upload/vilcarinox.it/20080919164443-torrini.jpg HTTP/1.1" 404 263 "http://www.vilcarinox.it/" "Mozilla/5.0 (iPhone; CPU iPhone OS 13_3_1 like Mac OS X) AppleWebKit/605.1.15 (KHTML, like Gecko) Version/13.0.5 Mobile/15E148 Safari/604.1"
5.90.70.68 - - [23/Jul/2020:08:27:36 +0200] "GET /js/components/img/upload/vilcarinox.it/cappe-di-aspirazione-02.jpg HTTP/1.1" 404 264 "http://www.vilcarinox.it/" "Mozilla/5.0 (iPhone; CPU iPhone OS 13_3_1 like Mac OS X) AppleWebKit/605.1.15 (KHTML, like Gecko) Version/13.0.5 Mobile/15E148 Safari/604.1"
5.90.70.68 - - [23/Jul/2020:08:27:36 +0200] "GET /js/components/img/upload/vilcarinox.it/page0011.jpg HTTP/1.1" 404 249 "http://www.vilcarinox.it/" "Mozilla/5.0 (iPhone; CPU iPhone OS 13_3_1 like Mac OS X) AppleWebKit/605.1.15 (KHTML, like Gecko) Version/13.0.5 Mobile/15E148 Safari/604.1"
5.90.70.68 - - [23/Jul/2020:08:27:36 +0200] "GET /js/components/img/upload/vilcarinox.it/25%20(2).jpg HTTP/1.1" 404 247 "http://www.vilcarinox.it/" "Mozilla/5.0 (iPhone; CPU iPhone OS 13_3_1 like Mac OS X) AppleWebKit/605.1.15 (KHTML, like Gecko) Version/13.0.5 Mobile/15E148 Safari/604.1"
74.125.208.4 - - [23/Jul/2020:09:07:59 +0200] "GET /js/components/img/upload/ecrecer/quotesbocco04.jpg HTTP/1.1" 404 248 "-" "Mozilla/5.0 (Windows NT 5.1; rv:11.0) Gecko Firefox/11.0 (via ggpht.com GoogleImageProxy)"
66.249.93.112 - - [23/Jul/2020:09:25:53 +0200] "GET /js/components/img/upload/vilcarinox.it/25%20(2).jpg HTTP/1.1" 404 247 "-" "Mozilla/5.0 (Windows NT 5.1; rv:11.0) Gecko Firefox/11.0 (via ggpht.com GoogleImageProxy)"
157.55.39.20 - - [23/Jul/2020:09:35:56 +0200] "GET /robots.txt HTTP/1.1" 404 208 "-" "Mozilla/5.0 (compatible; bingbot/2.0; +http://www.bing.com/bingbot.htm)"
40.77.167.151 - - [23/Jul/2020:09:36:02 +0200] "GET /js/components/img/upload/ecrecer/img_0009%20(fileminimizer).jpg HTTP/1.1" 404 259 "-" "Mozilla/5.0 (compatible; bingbot/2.0; +http://www.bing.com/bingbot.htm)"
157.55.39.240 - - [23/Jul/2020:09:37:54 +0200] "GET /js/components/img/upload/ecrecer/1%20(217).jpg HTTP/1.1" 404 242 "-" "Mozilla/5.0 (compatible; bingbot/2.0; +http://www.bing.com/bingbot.htm)"
40.77.167.151 - - [23/Jul/2020:10:00:40 +0200] "GET /js/components/img/upload/ecrecer/furgoni%20(fileminimizer).jpg HTTP/1.1" 404 258 "-" "Mozilla/5.0 (compatible; bingbot/2.0; +http://www.bing.com/bingbot.htm)"
66.249.79.140 - - [23/Jul/2020:10:25:01 +0200] "GET /robots.txt HTTP/1.1" 404 208 "-" "Mozilla/5.0 (compatible; Googlebot/2.1; +http://www.google.com/bot.html)"
66.249.79.140 - - [23/Jul/2020:10:25:01 +0200] "GET / HTTP/1.1" 200 5069 "-" "Mozilla/5.0 (compatible; Googlebot/2.1; +http://www.google.com/bot.html)"
66.249.79.138 - - [23/Jul/2020:11:45:17 +0200] "GET / HTTP/1.1" 200 5069 "-" "Mozilla/5.0 (Linux; Android 6.0.1; Nexus 5X Build/MMB29P) AppleWebKit/537.36 (KHTML, like Gecko) Chrome/80.0.3987.92 Mobile Safari/537.36 (compatible; Googlebot/2.1; +http://www.google.com/bot.html)"
79.32.174.189 - - [23/Jul/2020:13:04:04 +0200] "GET /js/components/img/upload/vilcarinox.it/25%20(2).jpg HTTP/1.1" 404 247 "https://www.bing.com/" "Mozilla/5.0 (Windows NT 10.0; Win64; x64) AppleWebKit/537.36 (KHTML, like Gecko) Chrome/84.0.4147.89 Safari/537.36 Edg/84.0.522.40"
35.157.32.153 - - [23/Jul/2020:13:23:34 +0200] "GET / HTTP/1.1" 200 5069 "-" "Mozilla/5.0 (Windows NT 6.1; WOW64; Trident/7.0; rv:11.0) like Gecko"
207.46.13.192 - - [23/Jul/2020:13:43:59 +0200] "GET /js/components/img/upload/ecrecer/1%20(96).jpg HTTP/1.1" 404 241 "-" "Mozilla/5.0 (compatible; bingbot/2.0; +http://www.bing.com/bingbot.htm)"
54.36.148.14 - - [23/Jul/2020:14:58:55 +0200] "GET / HTTP/1.1" 200 5069 "-" "Mozilla/5.0 (compatible; AhrefsBot/6.1; +http://ahrefs.com/robot/)"
176.247.208.8 - - [23/Jul/2020:15:52:15 +0200] "GET /js/components/img/upload/ecrecer/img_0006%20(fileminimizer).jpg HTTP/1.1" 404 259 "http://www.vilcarinox.it/" "Mozilla/5.0 (Macintosh; Intel Mac OS X 10_15_2) AppleWebKit/605.1.15 (KHTML, like Gecko) Version/13.0.4 Safari/605.1.15"
176.247.208.8 - - [23/Jul/2020:15:52:15 +0200] "GET /js/components/img/upload/ecrecer/img_0026%20(fileminimizer).jpg HTTP/1.1" 404 259 "http://www.vilcarinox.it/" "Mozilla/5.0 (Macintosh; Intel Mac OS X 10_15_2) AppleWebKit/605.1.15 (KHTML, like Gecko) Version/13.0.4 Safari/605.1.15"
176.247.208.8 - - [23/Jul/2020:15:52:15 +0200] "GET /js/components/img/upload/ecrecer/img_0002%20(fileminimizer).jpg HTTP/1.1" 404 259 "http://www.vilcarinox.it/" "Mozilla/5.0 (Macintosh; Intel Mac OS X 10_15_2) AppleWebKit/605.1.15 (KHTML, like Gecko) Version/13.0.4 Safari/605.1.15"
176.247.208.8 - - [23/Jul/2020:15:52:24 +0200] "GET /js/components/img/upload/ecrecer/dsc_0019%20(fileminimizer).jpg HTTP/1.1" 404 259 "http://www.vilcarinox.it/" "Mozilla/5.0 (Macintosh; Intel Mac OS X 10_15_2) AppleWebKit/605.1.15 (KHTML, like Gecko) Version/13.0.4 Safari/605.1.15"
176.247.208.8 - - [23/Jul/2020:15:52:24 +0200] "GET /js/components/img/upload/ecrecer/saldatrice%20tig%20(fileminimizer).jpg HTTP/1.1" 404 265 "http://www.vilcarinox.it/" "Mozilla/5.0 (Macintosh; Intel Mac OS X 10_15_2) AppleWebKit/605.1.15 (KHTML, like Gecko) Version/13.0.4 Safari/605.1.15"
176.247.208.8 - - [23/Jul/2020:15:52:24 +0200] "GET /js/components/img/upload/ecrecer/officina2%20(fileminimizer).jpg HTTP/1.1" 404 260 "http://www.vilcarinox.it/" "Mozilla/5.0 (Macintosh; Intel Mac OS X 10_15_2) AppleWebKit/605.1.15 (KHTML, like Gecko) Version/13.0.4 Safari/605.1.15"
176.247.208.8 - - [23/Jul/2020:15:52:24 +0200] "GET /js/components/img/upload/ecrecer/furgoni%20(fileminimizer).jpg HTTP/1.1" 404 258 "http://www.vilcarinox.it/" "Mozilla/5.0 (Macintosh; Intel Mac OS X 10_15_2) AppleWebKit/605.1.15 (KHTML, like Gecko) Version/13.0.4 Safari/605.1.15"
176.247.208.8 - - [23/Jul/2020:15:52:24 +0200] "GET /js/components/img/upload/ecrecer/rullatrici%20(fileminimizer).jpg HTTP/1.1" 404 261 "http://www.vilcarinox.it/" "Mozilla/5.0 (Macintosh; Intel Mac OS X 10_15_2) AppleWebKit/605.1.15 (KHTML, like Gecko) Version/13.0.4 Safari/605.1.15"
176.247.208.8 - - [23/Jul/2020:15:52:24 +0200] "GET /js/components/img/upload/ecrecer/vil2%20(fileminimizer).jpg HTTP/1.1" 404 255 "http://www.vilcarinox.it/" "Mozilla/5.0 (Macintosh; Intel Mac OS X 10_15_2) AppleWebKit/605.1.15 (KHTML, like Gecko) Version/13.0.4 Safari/605.1.15"
176.247.208.8 - - [23/Jul/2020:15:52:24 +0200] "GET /js/components/img/upload/ecrecer/officina%20ingresso.jpg HTTP/1.1" 404 252 "http://www.vilcarinox.it/" "Mozilla/5.0 (Macintosh; Intel Mac OS X 10_15_2) AppleWebKit/605.1.15 (KHTML, like Gecko) Version/13.0.4 Safari/605.1.15"
176.247.208.8 - - [23/Jul/2020:15:52:24 +0200] "GET /js/components/img/upload/ecrecer/dsc_0006%20(fileminimizer).jpg HTTP/1.1" 404 259 "http://www.vilcarinox.it/" "Mozilla/5.0 (Macintosh; Intel Mac OS X 10_15_2) AppleWebKit/605.1.15 (KHTML, like Gecko) Version/13.0.4 Safari/605.1.15"
207.46.13.192 - - [23/Jul/2020:17:22:14 +0200] "GET /js/components/img/upload/ecrecer/1%20(96).jpg HTTP/1.1" 404 241 "-" "Mozilla/5.0 (compatible; bingbot/2.0; +http://www.bing.com/bingbot.htm)"
52.36.165.220 - - [23/Jul/2020:18:33:38 +0200] "GET / HTTP/1.1" 200 5069 "-" "Mozilla/5.0 (Windows NT 10.0; Win64; x64)AppleWebKit/537.36 (KHTML, like Gecko) Chrome/66.0.3359.181 Safari/537.36"
74.125.208.30 - - [23/Jul/2020:20:55:00 +0200] "GET /js/components/img/upload/vilcarinox.it/25%20(2).jpg HTTP/1.1" 404 247 "-" "Mozilla/5.0 (Windows NT 5.1; rv:11.0) Gecko Firefox/11.0 (via ggpht.com GoogleImageProxy)"
74.125.208.4 - - [23/Jul/2020:22:05:24 +0200] "GET /js/components/img/upload/vilcarinox.it/25%20(2).jpg HTTP/1.1" 404 247 "-" "Mozilla/5.0 (Windows NT 5.1; rv:11.0) Gecko Firefox/11.0 (via ggpht.com GoogleImageProxy)"
80.181.236.193 - - [23/Jul/2020:22:05:45 +0200] "GET /js/components/img/upload/vilcarinox.it/cappe-di-aspirazione-02.jpg HTTP/1.1" 404 264 "http://www.vilcarinox.it/prodotti-civili.asp?tipo=canne%20fumarie%20per%20cappe%20cucina" "Mozilla/5.0 (Windows NT 10.0; Win64; x64) AppleWebKit/537.36 (KHTML, like Gecko) Chrome/84.0.4147.89 Safari/537.36"
80.181.236.193 - - [23/Jul/2020:22:05:45 +0200] "GET /js/components/img/upload/vilcarinox.it/page0011.jpg HTTP/1.1" 404 249 "http://www.vilcarinox.it/prodotti-civili.asp?tipo=canne%20fumarie%20per%20cappe%20cucina" "Mozilla/5.0 (Windows NT 10.0; Win64; x64) AppleWebKit/537.36 (KHTML, like Gecko) Chrome/84.0.4147.89 Safari/537.36"
80.181.236.193 - - [23/Jul/2020:22:05:45 +0200] "GET /js/components/img/upload/vilcarinox.it/20080919164443-torrini.jpg HTTP/1.1" 404 263 "http://www.vilcarinox.it/prodotti-civili.asp?tipo=canne%20fumarie%20per%20cappe%20cucina" "Mozilla/5.0 (Windows NT 10.0; Win64; x64) AppleWebKit/537.36 (KHTML, like Gecko) Chrome/84.0.4147.89 Safari/537.36"
80.181.236.193 - - [23/Jul/2020:22:05:45 +0200] "GET /js/components/img/upload/vilcarinox.it/20081006163433-canne.jpg HTTP/1.1" 404 261 "http://www.vilcarinox.it/prodotti-civili.asp?tipo=canne%20fumarie%20per%20cappe%20cucina" "Mozilla/5.0 (Windows NT 10.0; Win64; x64) AppleWebKit/537.36 (KHTML, like Gecko) Chrome/84.0.4147.89 Safari/537.36"
80.181.236.193 - - [23/Jul/2020:22:05:45 +0200] "GET /js/components/img/upload/vilcarinox.it/25%20(2).jpg HTTP/1.1" 404 247 "http://www.vilcarinox.it/prodotti-civili.asp?tipo=canne%20fumarie%20per%20cappe%20cucina" "Mozilla/5.0 (Windows NT 10.0; Win64; x64) AppleWebKit/537.36 (KHTML, like Gecko) Chrome/84.0.4147.89 Safari/537.36"
80.181.236.193 - - [23/Jul/2020:22:07:07 +0200] "GET /js/components/img/upload/vilcarinox.it/cappe-di-aspirazione-02.jpg HTTP/1.1" 404 264 "http://www.vilcarinox.it/prodotti-civili.asp?tipo=canne%20fumarie%20per%20cappe%20cucina" "Mozilla/5.0 (Windows NT 10.0; Win64; x64) AppleWebKit/537.36 (KHTML, like Gecko) Chrome/84.0.4147.89 Safari/537.36"
80.181.236.193 - - [23/Jul/2020:22:07:07 +0200] "GET /js/components/img/upload/vilcarinox.it/page0011.jpg HTTP/1.1" 404 249 "http://www.vilcarinox.it/prodotti-civili.asp?tipo=canne%20fumarie%20per%20cappe%20cucina" "Mozilla/5.0 (Windows NT 10.0; Win64; x64) AppleWebKit/537.36 (KHTML, like Gecko) Chrome/84.0.4147.89 Safari/537.36"
80.181.236.193 - - [23/Jul/2020:22:07:07 +0200] "GET /js/components/img/upload/vilcarinox.it/20080919164443-torrini.jpg HTTP/1.1" 404 263 "http://www.vilcarinox.it/prodotti-civili.asp?tipo=canne%20fumarie%20per%20cappe%20cucina" "Mozilla/5.0 (Windows NT 10.0; Win64; x64) AppleWebKit/537.36 (KHTML, like Gecko) Chrome/84.0.4147.89 Safari/537.36"
80.181.236.193 - - [23/Jul/2020:22:07:07 +0200] "GET /js/components/img/upload/vilcarinox.it/20081006163433-canne.jpg HTTP/1.1" 404 261 "http://www.vilcarinox.it/prodotti-civili.asp?tipo=canne%20fumarie%20per%20cappe%20cucina" "Mozilla/5.0 (Windows NT 10.0; Win64; x64) AppleWebKit/537.36 (KHTML, like Gecko) Chrome/84.0.4147.89 Safari/537.36"
80.181.236.193 - - [23/Jul/2020:22:07:07 +0200] "GET /js/components/img/upload/vilcarinox.it/25%20(2).jpg HTTP/1.1" 404 247 "http://www.vilcarinox.it/prodotti-civili.asp?tipo=canne%20fumarie%20per%20cappe%20cucina" "Mozilla/5.0 (Windows NT 10.0; Win64; x64) AppleWebKit/537.36 (KHTML, like Gecko) Chrome/84.0.4147.89 Safari/537.36"
80.181.236.193 - - [23/Jul/2020:22:08:03 +0200] "GET /js/components/img/upload/ecrecer/immagine1.jpg HTTP/1.1" 404 244 "http://www.vilcarinox.it/normative.asp" "Mozilla/5.0 (Windows NT 10.0; Win64; x64) AppleWebKit/537.36 (KHTML, like Gecko) Chrome/84.0.4147.89 Safari/537.36"
80.181.236.193 - - [23/Jul/2020:22:08:03 +0200] "GET /js/components/img/upload/ecrecer/immagine2.jpg HTTP/1.1" 404 244 "http://www.vilcarinox.it/normative.asp" "Mozilla/5.0 (Windows NT 10.0; Win64; x64) AppleWebKit/537.36 (KHTML, like Gecko) Chrome/84.0.4147.89 Safari/537.36"
80.181.236.193 - - [23/Jul/2020:22:08:03 +0200] "GET /js/components/img/upload/ecrecer/quotesbocco02.jpg HTTP/1.1" 404 248 "http://www.vilcarinox.it/normative.asp" "Mozilla/5.0 (Windows NT 10.0; Win64; x64) AppleWebKit/537.36 (KHTML, like Gecko) Chrome/84.0.4147.89 Safari/537.36"
80.181.236.193 - - [23/Jul/2020:22:08:03 +0200] "GET /js/components/img/upload/ecrecer/quotesbocco03.jpg HTTP/1.1" 404 248 "http://www.vilcarinox.it/normative.asp" "Mozilla/5.0 (Windows NT 10.0; Win64; x64) AppleWebKit/537.36 (KHTML, like Gecko) Chrome/84.0.4147.89 Safari/537.36"
80.181.236.193 - - [23/Jul/2020:22:08:03 +0200] "GET /js/components/img/upload/ecrecer/quotesbocco04.jpg HTTP/1.1" 404 248 "http://www.vilcarinox.it/normative.asp" "Mozilla/5.0 (Windows NT 10.0; Win64; x64) AppleWebKit/537.36 (KHTML, like Gecko) Chrome/84.0.4147.89 Safari/537.36"
80.181.236.193 - - [23/Jul/2020:22:08:03 +0200] "GET /js/components/img/upload/ecrecer/quotesbocco01.jpg HTTP/1.1" 404 248 "http://www.vilcarinox.it/normative.asp" "Mozilla/5.0 (Windows NT 10.0; Win64; x64) AppleWebKit/537.36 (KHTML, like Gecko) Chrome/84.0.4147.89 Safari/537.36"
80.181.236.193 - - [23/Jul/2020:22:08:03 +0200] "GET /js/components/img/upload/ecrecer/comignolilegge615.gif HTTP/1.1" 404 252 "http://www.vilcarinox.it/normative.asp" "Mozilla/5.0 (Windows NT 10.0; Win64; x64) AppleWebKit/537.36 (KHTML, like Gecko) Chrome/84.0.4147.89 Safari/537.36"
74.125.208.1 - - [23/Jul/2020:23:16:09 +0200] "GET /js/components/img/upload/vilcarinox.it/25%20(2).jpg HTTP/1.1" 404 247 "-" "Mozilla/5.0 (Windows NT 5.1; rv:11.0) Gecko Firefox/11.0 (via ggpht.com GoogleImageProxy)"
157.55.39.16 - - [23/Jul/2020:23:16:29 +0200] "GET /robots.txt HTTP/1.1" 404 208 "-" "Mozilla/5.0 (compatible; bingbot/2.0; +http://www.bing.com/bingbot.htm)"
207.46.13.0 - - [23/Jul/2020:23:18:05 +0200] "GET /js/components/img/upload/ecrecer/rullatrici%20(fileminimizer).jpg HTTP/1.1" 404 261 "-" "Mozilla/5.0 (compatible; bingbot/2.0; +http://www.bing.com/bingbot.htm)"
157.55.39.199 - - [24/Jul/2020:00:37:14 +0200] "GET /js/components/img/upload/vilcarinox.it/5.jpg HTTP/1.1" 404 242 "-" "Mozilla/5.0 (compatible; bingbot/2.0; +http://www.bing.com/bingbot.htm)"
66.249.79.138 - - [24/Jul/2020:00:56:06 +0200] "GET /robots.txt HTTP/1.1" 404 208 "-" "Mozilla/5.0 (compatible; Googlebot/2.1; +http://www.google.com/bot.html)"
66.249.79.138 - - [24/Jul/2020:00:56:06 +0200] "GET / HTTP/1.1" 200 5069 "-" "Mozilla/5.0 (compatible; Googlebot/2.1; +http://www.google.com/bot.html)"
66.249.79.138 - - [24/Jul/2020:02:47:30 +0200] "GET / HTTP/1.1" 200 5069 "-" "Mozilla/5.0 (Linux; Android 6.0.1; Nexus 5X Build/MMB29P) AppleWebKit/537.36 (KHTML, like Gecko) Chrome/80.0.3987.92 Mobile Safari/537.36 (compatible; Googlebot/2.1; +http://www.google.com/bot.html)"
54.36.148.241 - - [24/Jul/2020:04:50:55 +0200] "GET /robots.txt HTTP/1.1" 404 208 "-" "Mozilla/5.0 (compatible; AhrefsBot/6.1; +http://ahrefs.com/robot/)"
54.36.148.14 - - [24/Jul/2020:04:50:55 +0200] "GET / HTTP/1.1" 200 5069 "-" "Mozilla/5.0 (compatible; AhrefsBot/6.1; +http://ahrefs.com/robot/)"
192.0.102.138 - - [24/Jul/2020:05:37:40 +0200] "GET /js/components/img/upload/vilcarinox.it/6.jpg HTTP/1.1" 404 242 "-" "Photon/1.0"
134.96.225.55 - - [24/Jul/2020:07:00:18 +0200] "GET /.svn/format HTTP/1.1" 404 209 "-" "CISPA Webcrawler (https://vuln-notify-checker.cispa.saarland)"
40.77.167.151 - - [24/Jul/2020:07:51:10 +0200] "GET /js/components/img/upload/ecrecer/furgoni%20(fileminimizer).jpg HTTP/1.1" 404 258 "-" "Mozilla/5.0 (compatible; bingbot/2.0; +http://www.bing.com/bingbot.htm)"
142.93.157.50 - - [24/Jul/2020:08:22:53 +0200] "HEAD / HTTP/1.1" 200 - "-" "Mozilla/5.0 (Windows NT 6.3; WOW64) AppleWebKit/537.36 (KHTML, like Gecko) Chrome/41.0.2226.0 Safari/537.36"
142.93.157.53 - - [24/Jul/2020:08:22:53 +0200] "HEAD / HTTP/1.1" 200 - "-" "Mozilla/5.0 (Windows NT 6.3; WOW64) AppleWebKit/537.36 (KHTML, like Gecko) Chrome/41.0.2225.0 Safari/537.36"
192.0.100.131 - - [24/Jul/2020:08:36:30 +0200] "GET /js/components/img/upload/vilcarinox.it/11.jpg HTTP/1.1" 404 243 "-" "Photon/1.0"
157.55.39.199 - - [24/Jul/2020:11:10:52 +0200] "GET /js/components/img/upload/ecrecer/saldatrice%20tig%20(fileminimizer).jpg HTTP/1.1" 404 265 "-" "Mozilla/5.0 (compatible; bingbot/2.0; +http://www.bing.com/bingbot.htm)"
74.125.208.1 - - [24/Jul/2020:13:36:55 +0200] "GET /js/components/img/upload/ecrecer/quotesbocco01.jpg HTTP/1.1" 404 248 "-" "Mozilla/5.0 (Windows NT 5.1; rv:11.0) Gecko Firefox/11.0 (via ggpht.com GoogleImageProxy)"
54.36.149.58 - - [24/Jul/2020:14:16:35 +0200] "GET / HTTP/1.1" 200 5069 "-" "Mozilla/5.0 (compatible; AhrefsBot/6.1; +http://ahrefs.com/robot/)"
74.125.208.30 - - [24/Jul/2020:14:31:21 +0200] "GET /js/components/img/upload/vilcarinox.it/25%20(2).jpg HTTP/1.1" 404 247 "-" "Mozilla/5.0 (Windows NT 5.1; rv:11.0) Gecko Firefox/11.0 (via ggpht.com GoogleImageProxy)"
66.249.79.142 - - [24/Jul/2020:15:38:54 +0200] "GET /robots.txt HTTP/1.1" 404 208 "-" "Mozilla/5.0 (compatible; Googlebot/2.1; +http://www.google.com/bot.html)"
66.249.79.140 - - [24/Jul/2020:15:38:54 +0200] "GET / HTTP/1.1" 200 5069 "-" "Mozilla/5.0 (compatible; Googlebot/2.1; +http://www.google.com/bot.html)"
74.125.208.4 - - [24/Jul/2020:16:10:16 +0200] "GET /js/components/img/upload/ecrecer/comignolilegge615.gif HTTP/1.1" 404 252 "-" "Mozilla/5.0 (Windows NT 5.1; rv:11.0) Gecko Firefox/11.0 (via ggpht.com GoogleImageProxy)"
77.75.79.36 - - [24/Jul/2020:16:19:03 +0200] "GET /robots.txt HTTP/1.1" 404 208 "-" "Mozilla/5.0 (compatible; SeznamBot/3.2; +http://napoveda.seznam.cz/en/seznambot-intro/)"
77.75.79.36 - - [24/Jul/2020:16:19:04 +0200] "GET /js/components/img/upload/vilcarinox.it/img_7468_600x450.jpg HTTP/1.1" 404 257 "-" "Mozilla/5.0 (compatible; SeznamBot/3.2; +http://napoveda.seznam.cz/en/seznambot-intro/)"
74.125.208.4 - - [24/Jul/2020:16:34:31 +0200] "GET /js/components/img/upload/ecrecer/comignolilegge615.gif HTTP/1.1" 404 252 "-" "Mozilla/5.0 (Windows NT 5.1; rv:11.0) Gecko Firefox/11.0 (via ggpht.com GoogleImageProxy)"
3.129.58.253 - - [24/Jul/2020:16:58:50 +0200] "GET / HTTP/1.1" 200 5069 "-" "Mozilla/5.0 (Windows NT 10.0; Win64; x64) AppleWebKit/537.36 (KHTML, like Gecko; compatible; BW/1.1; bit.ly/2W6Px8S) Chrome/74.0.3729.131 Safari/537.36"
3.129.58.253 - - [24/Jul/2020:16:58:51 +0200] "GET /robots.txt HTTP/1.1" 404 208 "-" "Mozilla/5.0 (Windows NT 10.0; Win64; x64) AppleWebKit/537.36 (KHTML, like Gecko; compatible; BW/1.1; bit.ly/2W6Px8S) Chrome/74.0.3729.131 Safari/537.36"
74.125.208.30 - - [24/Jul/2020:17:16:54 +0200] "GET /js/components/img/upload/ecrecer/quotesbocco04.jpg HTTP/1.1" 404 248 "-" "Mozilla/5.0 (Windows NT 5.1; rv:11.0) Gecko Firefox/11.0 (via ggpht.com GoogleImageProxy)"
74.125.208.4 - - [24/Jul/2020:17:16:56 +0200] "GET /js/components/img/upload/ecrecer/quotesbocco01.jpg HTTP/1.1" 404 248 "-" "Mozilla/5.0 (Windows NT 5.1; rv:11.0) Gecko Firefox/11.0 (via ggpht.com GoogleImageProxy)"
5.45.207.166 - - [24/Jul/2020:17:19:43 +0200] "GET /robots.txt HTTP/1.1" 404 208 "-" "Mozilla/5.0 (compatible; YandexBot/3.0; +http://yandex.com/bots)"
178.154.200.94 - - [24/Jul/2020:17:19:46 +0200] "GET / HTTP/1.1" 200 5069 "-" "Mozilla/5.0 (compatible; YandexBot/3.0; +http://yandex.com/bots)"
34.222.101.239 - - [24/Jul/2020:18:11:15 +0200] "GET / HTTP/1.1" 200 5069 "-" "Mozilla/5.0 (Windows NT 10.0; Win64; x64)AppleWebKit/537.36 (KHTML, like Gecko) Chrome/66.0.3359.181 Safari/537.36"
5.90.32.170 - - [24/Jul/2020:19:55:56 +0200] "GET /js/components/img/upload/vilcarinox.it/(2).jpg HTTP/1.1" 404 244 "http://pulizia-della-casa.blogspot.com/2017/05/?m=1" "Mozilla/5.0 (Linux; Android 5.1; HUAWEI TAG-L01) AppleWebKit/537.36 (KHTML, like Gecko) Chrome/83.0.4103.106 Mobile Safari/537.36"
95.163.255.27 - - [24/Jul/2020:20:55:42 +0200] "GET /robots.txt HTTP/1.0" 404 208 "-" "Mozilla/5.0 (compatible; Linux x86_64; Mail.RU_Bot/2.0; +http://go.mail.ru/help/robots)"
95.163.255.25 - - [24/Jul/2020:20:55:46 +0200] "GET /js/components/img/upload/vilcarinox.it/1%20(217).jpg HTTP/1.1" 404 248 "-" "Mozilla/5.0 (compatible; Linux x86_64; Mail.RU_Bot/2.0; +http://go.mail.ru/help/robots)"
66.249.93.114 - - [24/Jul/2020:22:13:57 +0200] "GET /js/components/img/upload/vilcarinox.it/2.jpg HTTP/1.1" 404 242 "-" "Mozilla/5.0 (Windows NT 5.1; rv:11.0) Gecko Firefox/11.0 (via ggpht.com GoogleImageProxy)"
66.249.79.138 - - [25/Jul/2020:00:31:39 +0200] "GET / HTTP/1.1" 200 5069 "-" "Mozilla/5.0 (Linux; Android 6.0.1; Nexus 5X Build/MMB29P) AppleWebKit/537.36 (KHTML, like Gecko) Chrome/80.0.3987.92 Mobile Safari/537.36 (compatible; Googlebot/2.1; +http://www.google.com/bot.html)"
54.36.148.53 - - [25/Jul/2020:01:31:54 +0200] "GET / HTTP/1.1" 200 5069 "-" "Mozilla/5.0 (compatible; AhrefsBot/6.1; +http://ahrefs.com/robot/)"
74.125.208.30 - - [25/Jul/2020:02:07:06 +0200] "GET /js/components/img/upload/vilcarinox.it/immagine3.jpg HTTP/1.1" 404 250 "-" "Mozilla/5.0 (Windows NT 5.1; rv:11.0) Gecko Firefox/11.0 (via ggpht.com GoogleImageProxy)"
37.163.32.132 - - [25/Jul/2020:02:07:09 +0200] "GET /js/components/img/upload/vilcarinox.it/immagine6.jpg HTTP/1.1" 404 250 "http://www.vilcarinox.it/prodotti-industriali.asp" "Mozilla/5.0 (Linux; Android 8.1.0; SM-J710F) AppleWebKit/537.36 (KHTML, like Gecko) Chrome/83.0.4103.106 Mobile Safari/537.36"
37.163.32.132 - - [25/Jul/2020:02:07:09 +0200] "GET /js/components/img/upload/vilcarinox.it/immagine2.jpg HTTP/1.1" 404 250 "http://www.vilcarinox.it/prodotti-industriali.asp" "Mozilla/5.0 (Linux; Android 8.1.0; SM-J710F) AppleWebKit/537.36 (KHTML, like Gecko) Chrome/83.0.4103.106 Mobile Safari/537.36"
37.163.32.132 - - [25/Jul/2020:02:07:09 +0200] "GET /js/components/img/upload/vilcarinox.it/immagine5.jpg HTTP/1.1" 404 250 "http://www.vilcarinox.it/prodotti-industriali.asp" "Mozilla/5.0 (Linux; Android 8.1.0; SM-J710F) AppleWebKit/537.36 (KHTML, like Gecko) Chrome/83.0.4103.106 Mobile Safari/537.36"
37.163.32.132 - - [25/Jul/2020:02:07:09 +0200] "GET /js/components/img/upload/vilcarinox.it/immagine4.jpg HTTP/1.1" 404 250 "http://www.vilcarinox.it/prodotti-industriali.asp" "Mozilla/5.0 (Linux; Android 8.1.0; SM-J710F) AppleWebKit/537.36 (KHTML, like Gecko) Chrome/83.0.4103.106 Mobile Safari/537.36"
37.163.32.132 - - [25/Jul/2020:02:07:09 +0200] "GET /js/components/img/upload/vilcarinox.it/immagine3.jpg HTTP/1.1" 404 250 "http://www.vilcarinox.it/prodotti-industriali.asp" "Mozilla/5.0 (Linux; Android 8.1.0; SM-J710F) AppleWebKit/537.36 (KHTML, like Gecko) Chrome/83.0.4103.106 Mobile Safari/537.36"
37.163.32.132 - - [25/Jul/2020:02:07:09 +0200] "GET /js/components/img/upload/vilcarinox.it/1%20(217).jpg HTTP/1.1" 404 248 "http://www.vilcarinox.it/prodotti-industriali.asp" "Mozilla/5.0 (Linux; Android 8.1.0; SM-J710F) AppleWebKit/537.36 (KHTML, like Gecko) Chrome/83.0.4103.106 Mobile Safari/537.36"
37.163.32.132 - - [25/Jul/2020:02:07:09 +0200] "GET /js/components/img/upload/vilcarinox.it/1%20(231).jpg HTTP/1.1" 404 248 "http://www.vilcarinox.it/prodotti-industriali.asp" "Mozilla/5.0 (Linux; Android 8.1.0; SM-J710F) AppleWebKit/537.36 (KHTML, like Gecko) Chrome/83.0.4103.106 Mobile Safari/537.36"
37.163.32.132 - - [25/Jul/2020:02:07:09 +0200] "GET /js/components/img/upload/vilcarinox.it/1%20(147).jpg HTTP/1.1" 404 248 "http://www.vilcarinox.it/prodotti-industriali.asp" "Mozilla/5.0 (Linux; Android 8.1.0; SM-J710F) AppleWebKit/537.36 (KHTML, like Gecko) Chrome/83.0.4103.106 Mobile Safari/537.36"
37.163.32.132 - - [25/Jul/2020:02:07:09 +0200] "GET /js/components/img/upload/vilcarinox.it/1%20(33).jpg HTTP/1.1" 404 247 "http://www.vilcarinox.it/prodotti-industriali.asp" "Mozilla/5.0 (Linux; Android 8.1.0; SM-J710F) AppleWebKit/537.36 (KHTML, like Gecko) Chrome/83.0.4103.106 Mobile Safari/537.36"
37.163.32.132 - - [25/Jul/2020:02:07:09 +0200] "GET /js/components/img/upload/ecrecer/1%20(96).jpg HTTP/1.1" 404 241 "http://www.vilcarinox.it/prodotti-industriali.asp" "Mozilla/5.0 (Linux; Android 8.1.0; SM-J710F) AppleWebKit/537.36 (KHTML, like Gecko) Chrome/83.0.4103.106 Mobile Safari/537.36"
37.163.32.132 - - [25/Jul/2020:02:07:09 +0200] "GET /js/components/img/upload/ecrecer/1%20(19).jpg HTTP/1.1" 404 241 "http://www.vilcarinox.it/prodotti-industriali.asp" "Mozilla/5.0 (Linux; Android 8.1.0; SM-J710F) AppleWebKit/537.36 (KHTML, like Gecko) Chrome/83.0.4103.106 Mobile Safari/537.36"
37.163.32.132 - - [25/Jul/2020:02:07:09 +0200] "GET /js/components/img/upload/vilcarinox.it/copia%20di%201%20(120).jpg HTTP/1.1" 404 257 "http://www.vilcarinox.it/prodotti-industriali.asp" "Mozilla/5.0 (Linux; Android 8.1.0; SM-J710F) AppleWebKit/537.36 (KHTML, like Gecko) Chrome/83.0.4103.106 Mobile Safari/537.36"
37.163.32.132 - - [25/Jul/2020:02:07:09 +0200] "GET /js/components/img/upload/ecrecer/1%20(83).jpg HTTP/1.1" 404 241 "http://www.vilcarinox.it/prodotti-industriali.asp" "Mozilla/5.0 (Linux; Android 8.1.0; SM-J710F) AppleWebKit/537.36 (KHTML, like Gecko) Chrome/83.0.4103.106 Mobile Safari/537.36"
37.163.32.132 - - [25/Jul/2020:02:07:09 +0200] "GET /js/components/img/upload/vilcarinox.it/1%20(317).jpg HTTP/1.1" 404 248 "http://www.vilcarinox.it/prodotti-industriali.asp" "Mozilla/5.0 (Linux; Android 8.1.0; SM-J710F) AppleWebKit/537.36 (KHTML, like Gecko) Chrome/83.0.4103.106 Mobile Safari/537.36"
37.163.32.132 - - [25/Jul/2020:02:12:39 +0200] "GET /js/components/img/upload/ecrecer/1%20(231).jpg HTTP/1.1" 404 242 "http://www.vilcarinox.it/lavori-eseguiti.asp" "Mozilla/5.0 (Linux; Android 8.1.0; SM-J710F) AppleWebKit/537.36 (KHTML, like Gecko) Chrome/83.0.4103.106 Mobile Safari/537.36"
37.163.32.132 - - [25/Jul/2020:02:12:39 +0200] "GET /js/components/img/upload/ecrecer/1%20(217).jpg HTTP/1.1" 404 242 "http://www.vilcarinox.it/lavori-eseguiti.asp" "Mozilla/5.0 (Linux; Android 8.1.0; SM-J710F) AppleWebKit/537.36 (KHTML, like Gecko) Chrome/83.0.4103.106 Mobile Safari/537.36"
37.163.32.132 - - [25/Jul/2020:02:12:39 +0200] "GET /js/components/img/upload/ecrecer/1%20(173).jpg HTTP/1.1" 404 242 "http://www.vilcarinox.it/lavori-eseguiti.asp" "Mozilla/5.0 (Linux; Android 8.1.0; SM-J710F) AppleWebKit/537.36 (KHTML, like Gecko) Chrome/83.0.4103.106 Mobile Safari/537.36"
